{"id":4821,"date":"2025-01-18T11:31:14","date_gmt":"2025-01-18T11:31:14","guid":{"rendered":"https:\/\/schaffrath-haus.com\/wp\/?page_id=4821"},"modified":"2025-12-01T10:34:28","modified_gmt":"2025-12-01T10:34:28","slug":"25-10-2025-konzert-der-band-achttagefrei","status":"publish","type":"page","link":"https:\/\/schaffrath-haus.com\/?page_id=4821","title":{"rendered":"25.10.2025, Konzert: Acht Tage frei"},"content":{"rendered":"\n<p class=\"has-green-color has-text-color has-link-color has-medium-font-size wp-elements-8b54a220536b81e5b589f04ab52bd6b9\"><strong>Band: Acht Tage frei<\/strong><\/p>\n\n\n\n<p><strong>Samstag 25. Oktober 2025, 19:00 Uhr, <\/strong>Einlass ab 18:30 Uhr<\/p>\n\n\n<div class=\"wp-block-image\">\n<figure class=\"aligncenter size-large is-resized\"><a href=\"https:\/\/schaffrath-haus.com\/wp-content\/uploads\/2025\/01\/achtTage-frei-1.jpg\"><img loading=\"lazy\" decoding=\"async\" width=\"879\" height=\"1024\" src=\"https:\/\/schaffrath-haus.com\/wp-content\/uploads\/2025\/01\/achtTage-frei-1-879x1024.jpg\" alt=\"\" class=\"wp-image-4850\" style=\"width:471px;height:auto\" srcset=\"https:\/\/schaffrath-haus.com\/wp-content\/uploads\/2025\/01\/achtTage-frei-1-879x1024.jpg 879w, https:\/\/schaffrath-haus.com\/wp-content\/uploads\/2025\/01\/achtTage-frei-1-257x300.jpg 257w, https:\/\/schaffrath-haus.com\/wp-content\/uploads\/2025\/01\/achtTage-frei-1-768x895.jpg 768w, https:\/\/schaffrath-haus.com\/wp-content\/uploads\/2025\/01\/achtTage-frei-1-1318x1536.jpg 1318w, https:\/\/schaffrath-haus.com\/wp-content\/uploads\/2025\/01\/achtTage-frei-1-1757x2048.jpg 1757w, https:\/\/schaffrath-haus.com\/wp-content\/uploads\/2025\/01\/achtTage-frei-1.jpg 2048w\" sizes=\"(max-width: 879px) 100vw, 879px\" \/><\/a><\/figure><\/div>\n\n\n<p>Die Band Acht Tage frei spielte bereits vor ca. 10 Jahren bei uns im Schaffrathhaus und wir freuen uns sehr, die 3 Musiker wieder bei uns begr\u00fc\u00dfen zu d\u00fcrfen!<\/p>\n\n\n\n<p>Die aufstrebende Band setzt sich aus drei urspr\u00fcnglich Alsdorfer Musikern zusammen: Fabian Baumanns (S\u00e4nger und Gitarrist), Cedric Schmaldienst (Cajon, Percussion) und Sebastian Horbach (Klavier). Fans von gef\u00fchlvoller Musik und Akustik Sound kommen voll auf Ihre Kosten. Das Publikum ist jedes Mal begeistert dar\u00fcber, was die Drei mit ihrem Equipment zaubern. Sie begeistern mit einem unverwechselbaren Mix aus Singer\/Songwriter-Elementen und Indie-Pop.<\/p>\n\n\n\n<p>Acht Tage frei steht f\u00fcr Freiheit und den Wunsch, den Alltag hinter sich zu lassen, aber auch f\u00fcr Nachdenklichkeit. <\/p>\n\n\n\n<p>Ihr ausdrucksstarker Akustik-Sound, inspiriert von K\u00fcnstler:innen wie Benjamin Francis Leftwich und Damien Rice, schafft eine intime Atmosph\u00e4re, die besonders bei ihren Live-Auftritten sp\u00fcrbar wird. Mit ehrlichen Texten und eing\u00e4ngigen Melodien laden sie das Publikum ein, den Moment zu leben und ein St\u00fcck Freiheit zu genie\u00dfen.<\/p>\n\n\n\n<p>FOTOS: ACHT TAGE FREI, KONZERT AM 25.10.2025<\/p>\n\n\n\n<figure class=\"wp-block-image\"><img decoding=\"async\" src=\"https:\/\/mail.google.com\/mail\/u\/0?ui=2&amp;ik=68bda4b717&amp;attid=0.1.1&amp;permmsgid=msg-f:1850228754711911178&amp;th=19ad553fddd11b0a&amp;view=fimg&amp;fur=ip&amp;permmsgid=msg-f:1850228754711911178&amp;sz=s0-l75-ft&amp;attbid=ANGjdJ-Khq5AEkzh9_XU2jMGKsuV6n_MQetHin8GxfeZq2wIs0uCHyRd-X6r7-yFt7lbq-oilwch3H1sI-PfkmUwQ4oMuEsKWDQ3wVhHvBHp5RBHygid2p8ysW1XX2c&amp;disp=emb&amp;zw\" alt=\"IMG_5387.jpeg\"\/><\/figure>\n\n\n\n<figure class=\"wp-block-image\"><img decoding=\"async\" src=\"https:\/\/mail.google.com\/mail\/u\/0?ui=2&amp;ik=68bda4b717&amp;attid=0.1.2&amp;permmsgid=msg-f:1850228754711911178&amp;th=19ad553fddd11b0a&amp;view=fimg&amp;fur=ip&amp;permmsgid=msg-f:1850228754711911178&amp;sz=s0-l75-ft&amp;attbid=ANGjdJ_8Q4VyOvSRhXbc38F-oYaMel5IYVywNPfxRhk1-o010uCs_cZvVar6oJQxWCAvS8ryMSpum_EOGcEDCHL5_Bq6hCWsVq6KdM8RIoHmgL2zItQcpCUK8v8jA6E&amp;disp=emb&amp;zw\" alt=\"IMG_9099.jpeg\"\/><\/figure>\n\n\n\n<p>Ein stimmungsvoller Abend liegt hinter uns. Acht Tage Frei haben am 25.10.25 mit ihrem warmen Akustik Sound und einer wunderbar intimen Atmosph\u00e4re alle Anwesenden sofort abgeholt. Das Konzert war bereits sechs Wochen vorher ausverkauft. Die Vorfreude hat sich voll und ganz gelohnt. Ehrliche und eing\u00e4ngige Texte, ruhige Momente zum Genie\u00dfen und ein Saal voller gespannter Zuh\u00f6rerinnen und Zuh\u00f6rern machten diesen Abend zu etwas Besonderem. In der Pause war zur St\u00e4rkung wieder ein f\u00fcr uns typisches Buffet aufgebaut. Vielen Dank an alle, die dabei waren. Wir freuen uns schon auf die n\u00e4chsten musikalischen Highlights.<\/p>\n","protected":false},"excerpt":{"rendered":"<p>Band: Acht Tage frei Samstag 25. Oktober 2025, 19:00 Uhr, Einlass ab 18:30 Uhr Die Band Acht Tage frei spielte bereits vor ca. 10 Jahren bei uns im Schaffrathhaus und wir freuen uns sehr, die 3 Musiker wieder bei uns begr\u00fc\u00dfen zu d\u00fcrfen! Die aufstrebende Band setzt sich aus drei urspr\u00fcnglich Alsdorfer Musikern zusammen: Fabian &hellip; <a href=\"https:\/\/schaffrath-haus.com\/?page_id=4821\" class=\"more-link\"><span class=\"screen-reader-text\">25.10.2025, Konzert: Acht Tage frei<\/span> weiterlesen <span class=\"meta-nav\">&rarr;<\/span><\/a><\/p>\n","protected":false},"author":1,"featured_media":0,"parent":0,"menu_order":0,"comment_status":"closed","ping_status":"closed","template":"","meta":{"footnotes":""},"class_list":["post-4821","page","type-page","status-publish","hentry"],"_links":{"self":[{"href":"https:\/\/schaffrath-haus.com\/index.php?rest_route=\/wp\/v2\/pages\/4821"}],"collection":[{"href":"https:\/\/schaffrath-haus.com\/index.php?rest_route=\/wp\/v2\/pages"}],"about":[{"href":"https:\/\/schaffrath-haus.com\/index.php?rest_route=\/wp\/v2\/types\/page"}],"author":[{"embeddable":true,"href":"https:\/\/schaffrath-haus.com\/index.php?rest_route=\/wp\/v2\/users\/1"}],"replies":[{"embeddable":true,"href":"https:\/\/schaffrath-haus.com\/index.php?rest_route=%2Fwp%2Fv2%2Fcomments&post=4821"}],"version-history":[{"count":8,"href":"https:\/\/schaffrath-haus.com\/index.php?rest_route=\/wp\/v2\/pages\/4821\/revisions"}],"predecessor-version":[{"id":5107,"href":"https:\/\/schaffrath-haus.com\/index.php?rest_route=\/wp\/v2\/pages\/4821\/revisions\/5107"}],"wp:attachment":[{"href":"https:\/\/schaffrath-haus.com\/index.php?rest_route=%2Fwp%2Fv2%2Fmedia&parent=4821"}],"curies":[{"name":"wp","href":"https:\/\/api.w.org\/{rel}","templated":true}]}}

<p class="has-green-color has-text-color has-link-color has-medium-font-size wp-elements-8b54a220536b81e5b589f04ab52bd6b9"><strong>Band: Acht Tage frei</strong></p>



<p><strong>Samstag 25. Oktober 2025, 19:00 Uhr, </strong>Einlass ab 18:30 Uhr</p>


<div class="wp-block-image">
<figure class="aligncenter size-large is-resized"><a href="https://schaffrath-haus.com/wp-content/uploads/2025/01/achtTage-frei-1.jpg"><img loading="lazy" decoding="async" width="879" height="1024" src="https://schaffrath-haus.com/wp-content/uploads/2025/01/achtTage-frei-1-879x1024.jpg" alt="" class="wp-image-4850" style="width:471px;height:auto" srcset="https://schaffrath-haus.com/wp-content/uploads/2025/01/achtTage-frei-1-879x1024.jpg 879w, https://schaffrath-haus.com/wp-content/uploads/2025/01/achtTage-frei-1-257x300.jpg 257w, https://schaffrath-haus.com/wp-content/uploads/2025/01/achtTage-frei-1-768x895.jpg 768w, https://schaffrath-haus.com/wp-content/uploads/2025/01/achtTage-frei-1-1318x1536.jpg 1318w, https://schaffrath-haus.com/wp-content/uploads/2025/01/achtTage-frei-1-1757x2048.jpg 1757w, https://schaffrath-haus.com/wp-content/uploads/2025/01/achtTage-frei-1.jpg 2048w" sizes="(max-width: 879px) 100vw, 879px" /></a></figure></div>


<p>Die Band Acht Tage frei spielte bereits vor ca. 10 Jahren bei uns im Schaffrathhaus und wir freuen uns sehr, die 3 Musiker wieder bei uns begrüßen zu dürfen!</p>



<p>Die aufstrebende Band setzt sich aus drei ursprünglich Alsdorfer Musikern zusammen: Fabian Baumanns (Sänger und Gitarrist), Cedric Schmaldienst (Cajon, Percussion) und Sebastian Horbach (Klavier). Fans von gefühlvoller Musik und Akustik Sound kommen voll auf Ihre Kosten. Das Publikum ist jedes Mal begeistert darüber, was die Drei mit ihrem Equipment zaubern. Sie begeistern mit einem unverwechselbaren Mix aus Singer/Songwriter-Elementen und Indie-Pop.</p>



<p>Acht Tage frei steht für Freiheit und den Wunsch, den Alltag hinter sich zu lassen, aber auch für Nachdenklichkeit. </p>



<p>Ihr ausdrucksstarker Akustik-Sound, inspiriert von Künstler:innen wie Benjamin Francis Leftwich und Damien Rice, schafft eine intime Atmosphäre, die besonders bei ihren Live-Auftritten spürbar wird. Mit ehrlichen Texten und eingängigen Melodien laden sie das Publikum ein, den Moment zu leben und ein Stück Freiheit zu genießen.</p>



<p>FOTOS: ACHT TAGE FREI, KONZERT AM 25.10.2025</p>



<figure class="wp-block-image"><img decoding="async" src="https://mail.google.com/mail/u/0?ui=2&amp;ik=68bda4b717&amp;attid=0.1.1&amp;permmsgid=msg-f:1850228754711911178&amp;th=19ad553fddd11b0a&amp;view=fimg&amp;fur=ip&amp;permmsgid=msg-f:1850228754711911178&amp;sz=s0-l75-ft&amp;attbid=ANGjdJ-Khq5AEkzh9_XU2jMGKsuV6n_MQetHin8GxfeZq2wIs0uCHyRd-X6r7-yFt7lbq-oilwch3H1sI-PfkmUwQ4oMuEsKWDQ3wVhHvBHp5RBHygid2p8ysW1XX2c&amp;disp=emb&amp;zw" alt="IMG_5387.jpeg"/></figure>



<figure class="wp-block-image"><img decoding="async" src="https://mail.google.com/mail/u/0?ui=2&amp;ik=68bda4b717&amp;attid=0.1.2&amp;permmsgid=msg-f:1850228754711911178&amp;th=19ad553fddd11b0a&amp;view=fimg&amp;fur=ip&amp;permmsgid=msg-f:1850228754711911178&amp;sz=s0-l75-ft&amp;attbid=ANGjdJ_8Q4VyOvSRhXbc38F-oYaMel5IYVywNPfxRhk1-o010uCs_cZvVar6oJQxWCAvS8ryMSpum_EOGcEDCHL5_Bq6hCWsVq6KdM8RIoHmgL2zItQcpCUK8v8jA6E&amp;disp=emb&amp;zw" alt="IMG_9099.jpeg"/></figure>



<p>Ein stimmungsvoller Abend liegt hinter uns. Acht Tage Frei haben am 25.10.25 mit ihrem warmen Akustik Sound und einer wunderbar intimen Atmosphäre alle Anwesenden sofort abgeholt. Das Konzert war bereits sechs Wochen vorher ausverkauft. Die Vorfreude hat sich voll und ganz gelohnt. Ehrliche und eingängige Texte, ruhige Momente zum Genießen und ein Saal voller gespannter Zuhörerinnen und Zuhörern machten diesen Abend zu etwas Besonderem. In der Pause war zur Stärkung wieder ein für uns typisches Buffet aufgebaut. Vielen Dank an alle, die dabei waren. Wir freuen uns schon auf die nächsten musikalischen Highlights.</p>

<p>Band: Acht Tage frei Samstag 25. Oktober 2025, 19:00 Uhr, Einlass ab 18:30 Uhr Die Band Acht Tage frei spielte bereits vor ca. 10 Jahren bei uns im Schaffrathhaus und wir freuen uns sehr, die 3 Musiker wieder bei uns begrüßen zu dürfen! Die aufstrebende Band setzt sich aus drei ursprünglich Alsdorfer Musikern zusammen: Fabian &hellip; <a href="https://schaffrath-haus.com/?page_id=4821" class="more-link"><span class="screen-reader-text">25.10.2025, Konzert: Acht Tage frei</span> weiterlesen <span class="meta-nav">&rarr;</span></a></p>
