{"id":4812,"date":"2025-01-18T11:16:52","date_gmt":"2025-01-18T11:16:52","guid":{"rendered":"https:\/\/schaffrath-haus.com\/wp\/?page_id=4812"},"modified":"2025-07-13T16:59:18","modified_gmt":"2025-07-13T16:59:18","slug":"14-09-2025-kabarett-juergen-b-hausmann-mit-harald-classen","status":"publish","type":"page","link":"https:\/\/schaffrath-haus.com\/?page_id=4812","title":{"rendered":"14.09.2025, Kabarett: J\u00fcrgen B. Hausmann mit Harald Cla\u00dfen"},"content":{"rendered":"\n<p class=\"has-text-color has-link-color has-large-font-size wp-elements-fca4a43a88b7eb5de305434ece60ec93\" style=\"color:#ec072e\"><strong>AUSVERKAUFT! <\/strong><\/p>\n\n\n\n<p class=\"has-text-color has-link-color has-medium-font-size wp-elements-2d393728ad35e5ab4c7d929defb04363\" style=\"color:#ec072e\"><strong>&#8211; AUCH AN DER TAGESKASSE SIND KEINE TICKETS MEHR VERF\u00dcGBAR<\/strong> !!<\/p>\n\n\n\n<p class=\"has-green-color has-text-color has-link-color has-medium-font-size wp-elements-cfe680751c4b43ff7f395100defbae64\"><strong>J\u00fcrgen B. Hausmann mit Harald Cla\u00dfen<\/strong><\/p>\n\n\n\n<p><strong>Sonntag 14. September 2025, 15:00 Uhr,<\/strong> Einlass ab 14:30 Uhr<\/p>\n\n\n\n<p><strong>Tickets<\/strong>: Inkl. Begr\u00fc\u00dfungsgetr\u00e4nk sowie Kaffee und Kuchen<\/p>\n\n\n\n<p><\/p>\n\n\n\n<p><strong>Hinweis<\/strong>: Je nach Wetterlage findet der Auftritt auf unserem Au\u00dfengel\u00e4nde statt, oder im Haus. Die R\u00e4umlichkeiten im Haus sind nur \u00fcber Treppen erreichbar<\/p>\n\n\n<div class=\"wp-block-image\">\n<figure class=\"aligncenter size-full is-resized\"><a href=\"https:\/\/schaffrath-haus.com\/wp-content\/uploads\/2025\/01\/Hausmann-Classen.jpg\"><img loading=\"lazy\" decoding=\"async\" width=\"1024\" height=\"768\" src=\"https:\/\/schaffrath-haus.com\/wp-content\/uploads\/2025\/01\/Hausmann-Classen.jpg\" alt=\"\" class=\"wp-image-4813\" style=\"width:584px;height:auto\" srcset=\"https:\/\/schaffrath-haus.com\/wp-content\/uploads\/2025\/01\/Hausmann-Classen.jpg 1024w, https:\/\/schaffrath-haus.com\/wp-content\/uploads\/2025\/01\/Hausmann-Classen-300x225.jpg 300w, https:\/\/schaffrath-haus.com\/wp-content\/uploads\/2025\/01\/Hausmann-Classen-768x576.jpg 768w\" sizes=\"(max-width: 1024px) 100vw, 1024px\" \/><\/a><\/figure><\/div>\n\n\n<p>Es wird garantiert sehr lustig, wenn die zwei bekannten Entertainer wieder unsere kleine B\u00fchne \u00fcbernehmen und es wird kein Auge trocken bleiben! <\/p>\n\n\n\n<p><strong>Hinweis<\/strong>: Das Programm steht aktuell noch nicht fest. Mehr dazu folgt zeitnah.<\/p>\n","protected":false},"excerpt":{"rendered":"<p>AUSVERKAUFT! &#8211; AUCH AN DER TAGESKASSE SIND KEINE TICKETS MEHR VERF\u00dcGBAR !! J\u00fcrgen B. Hausmann mit Harald Cla\u00dfen Sonntag 14. September 2025, 15:00 Uhr, Einlass ab 14:30 Uhr Tickets: Inkl. Begr\u00fc\u00dfungsgetr\u00e4nk sowie Kaffee und Kuchen Hinweis: Je nach Wetterlage findet der Auftritt auf unserem Au\u00dfengel\u00e4nde statt, oder im Haus. Die R\u00e4umlichkeiten im Haus sind nur &hellip; <a href=\"https:\/\/schaffrath-haus.com\/?page_id=4812\" class=\"more-link\"><span class=\"screen-reader-text\">14.09.2025, Kabarett: J\u00fcrgen B. Hausmann mit Harald Cla\u00dfen<\/span> weiterlesen <span class=\"meta-nav\">&rarr;<\/span><\/a><\/p>\n","protected":false},"author":1,"featured_media":0,"parent":0,"menu_order":0,"comment_status":"closed","ping_status":"closed","template":"","meta":{"footnotes":""},"class_list":["post-4812","page","type-page","status-publish","hentry"],"_links":{"self":[{"href":"https:\/\/schaffrath-haus.com\/index.php?rest_route=\/wp\/v2\/pages\/4812"}],"collection":[{"href":"https:\/\/schaffrath-haus.com\/index.php?rest_route=\/wp\/v2\/pages"}],"about":[{"href":"https:\/\/schaffrath-haus.com\/index.php?rest_route=\/wp\/v2\/types\/page"}],"author":[{"embeddable":true,"href":"https:\/\/schaffrath-haus.com\/index.php?rest_route=\/wp\/v2\/users\/1"}],"replies":[{"embeddable":true,"href":"https:\/\/schaffrath-haus.com\/index.php?rest_route=%2Fwp%2Fv2%2Fcomments&post=4812"}],"version-history":[{"count":4,"href":"https:\/\/schaffrath-haus.com\/index.php?rest_route=\/wp\/v2\/pages\/4812\/revisions"}],"predecessor-version":[{"id":5040,"href":"https:\/\/schaffrath-haus.com\/index.php?rest_route=\/wp\/v2\/pages\/4812\/revisions\/5040"}],"wp:attachment":[{"href":"https:\/\/schaffrath-haus.com\/index.php?rest_route=%2Fwp%2Fv2%2Fmedia&parent=4812"}],"curies":[{"name":"wp","href":"https:\/\/api.w.org\/{rel}","templated":true}]}}