{"id":4795,"date":"2025-01-18T10:39:11","date_gmt":"2025-01-18T10:39:11","guid":{"rendered":"https:\/\/schaffrath-haus.com\/wp\/?page_id=4795"},"modified":"2025-11-09T07:49:30","modified_gmt":"2025-11-09T07:49:30","slug":"29-11-2025-schottisches-whisky-tasting-reisebericht-schottland","status":"publish","type":"page","link":"https:\/\/schaffrath-haus.com\/?page_id=4795","title":{"rendered":"29.11.2025, Schottisches Whisky-Tasting &amp; Reisebericht Schottland mit Benny Simmat &amp; Alex Leisten"},"content":{"rendered":"\n<p class=\"has-green-color has-text-color has-link-color has-medium-font-size wp-elements-8e45e325243a32b0d5ec0c409cb8eab0\"><strong>Schottisches Whisky-Tasting mit Benny Simmat &amp; Alex Leisten<\/strong><\/p>\n\n\n\n<p><strong>Samstag 29. November 2025, 18:00 Uhr<\/strong> Einlass <\/p>\n\n\n\n<p><strong>Tickets sind NUR im Vorverkauf erh\u00e4ltlich: <\/strong>85,00 \u20ac pro Person, inkl. Whisky, Sprudel &amp; vielen leckeren Speisen<\/p>\n\n\n\n<p><strong>Buchen Sie Ihr Ticket hier:<\/strong><\/p>\n\n\n\n<p>Telefon Schaffrathhaus: 02404-6767 084, oder<\/p>\n\n\n\n<p>E-Mail: info@schaffrath-haus.com<\/p>\n\n\n\n<p><strong>Hinweis<\/strong>: Die R\u00e4umlichkeiten sind nur \u00fcber Treppen erreichbar<\/p>\n\n\n<div class=\"wp-block-image\">\n<figure class=\"aligncenter size-full is-resized\"><a href=\"https:\/\/schaffrath-haus.com\/wp-content\/uploads\/2025\/01\/schottisches-tasting.jpg\"><img loading=\"lazy\" decoding=\"async\" width=\"775\" height=\"689\" src=\"https:\/\/schaffrath-haus.com\/wp-content\/uploads\/2025\/01\/schottisches-tasting.jpg\" alt=\"\" class=\"wp-image-4796\" style=\"width:492px;height:auto\" srcset=\"https:\/\/schaffrath-haus.com\/wp-content\/uploads\/2025\/01\/schottisches-tasting.jpg 775w, https:\/\/schaffrath-haus.com\/wp-content\/uploads\/2025\/01\/schottisches-tasting-300x267.jpg 300w, https:\/\/schaffrath-haus.com\/wp-content\/uploads\/2025\/01\/schottisches-tasting-768x683.jpg 768w\" sizes=\"(max-width: 775px) 100vw, 775px\" \/><\/a><\/figure><\/div>\n\n\n<p>Reisende soll man nicht aufhalten \u2013 Kleine Zwischenstopps sind allerdings erlaubt. Und wenn die R\u00fcckkehrer dann noch etwas zu erz\u00e4hlen haben, k\u00f6nnte es ein sehr unterhaltsamer Abend werden.<\/p>\n\n\n\n<p>Benny und Alex waren in Schottland, um ein paar ihrer Lieblings-Brennereien zu besuchen. Und wie es sich geh\u00f6rt, haben sie dabei ein paar Kleinigkeiten mit nach Hause gebracht:<\/p>\n\n\n\n<p>Wir verkosten 8 sogenannte \u201eDistillery Exclusives\u201c, also Whiskys, die man nur direkt vor Ort kaufen kann \u2013 teilweise sogar selbst von Hand abgef\u00fcllt \u2013 und die im freien Handel nicht zu erhalten sind. Dazu gibt es sicherlich die ein oder andere unterhaltsame Anekdote aus dem Reisetagebuch der beiden.<\/p>\n\n\n\n<p>Viel Spa\u00df und Sl\u00e0inte Mhath!<\/p>\n","protected":false},"excerpt":{"rendered":"<p>Schottisches Whisky-Tasting mit Benny Simmat &amp; Alex Leisten Samstag 29. November 2025, 18:00 Uhr Einlass Tickets sind NUR im Vorverkauf erh\u00e4ltlich: 85,00 \u20ac pro Person, inkl. Whisky, Sprudel &amp; vielen leckeren Speisen Buchen Sie Ihr Ticket hier: Telefon Schaffrathhaus: 02404-6767 084, oder E-Mail: info@schaffrath-haus.com Hinweis: Die R\u00e4umlichkeiten sind nur \u00fcber Treppen erreichbar Reisende soll man &hellip; <a href=\"https:\/\/schaffrath-haus.com\/?page_id=4795\" class=\"more-link\"><span class=\"screen-reader-text\">29.11.2025, Schottisches Whisky-Tasting &amp; Reisebericht Schottland mit Benny Simmat &amp; Alex Leisten<\/span> weiterlesen <span class=\"meta-nav\">&rarr;<\/span><\/a><\/p>\n","protected":false},"author":1,"featured_media":0,"parent":0,"menu_order":0,"comment_status":"closed","ping_status":"closed","template":"","meta":{"footnotes":""},"class_list":["post-4795","page","type-page","status-publish","hentry"],"_links":{"self":[{"href":"https:\/\/schaffrath-haus.com\/index.php?rest_route=\/wp\/v2\/pages\/4795"}],"collection":[{"href":"https:\/\/schaffrath-haus.com\/index.php?rest_route=\/wp\/v2\/pages"}],"about":[{"href":"https:\/\/schaffrath-haus.com\/index.php?rest_route=\/wp\/v2\/types\/page"}],"author":[{"embeddable":true,"href":"https:\/\/schaffrath-haus.com\/index.php?rest_route=\/wp\/v2\/users\/1"}],"replies":[{"embeddable":true,"href":"https:\/\/schaffrath-haus.com\/index.php?rest_route=%2Fwp%2Fv2%2Fcomments&post=4795"}],"version-history":[{"count":5,"href":"https:\/\/schaffrath-haus.com\/index.php?rest_route=\/wp\/v2\/pages\/4795\/revisions"}],"predecessor-version":[{"id":5092,"href":"https:\/\/schaffrath-haus.com\/index.php?rest_route=\/wp\/v2\/pages\/4795\/revisions\/5092"}],"wp:attachment":[{"href":"https:\/\/schaffrath-haus.com\/index.php?rest_route=%2Fwp%2Fv2%2Fmedia&parent=4795"}],"curies":[{"name":"wp","href":"https:\/\/api.w.org\/{rel}","templated":true}]}}