{"id":4769,"date":"2025-01-09T06:22:14","date_gmt":"2025-01-09T06:22:14","guid":{"rendered":"https:\/\/schaffrath-haus.com\/wp\/?page_id=4769"},"modified":"2025-11-09T07:39:30","modified_gmt":"2025-11-09T07:39:30","slug":"23-11-07-12-2025-ausstellung-ilka-habrich","status":"publish","type":"page","link":"https:\/\/schaffrath-haus.com\/?page_id=4769","title":{"rendered":"23.11. &#8211; 07.12.2025 Ausstellung Ilka Habrich"},"content":{"rendered":"\n<p class=\"has-green-color has-text-color has-link-color has-medium-font-size wp-elements-aa495ff45a2325b29ac317fb29f9a250\"><strong>Ilka Habrich<\/strong><\/p>\n\n\n\n<p class=\"has-green-color has-text-color has-link-color has-medium-font-size wp-elements-233e63c9e0d1db41e88111846eacb2d8\">&#8222;<strong>Spur &amp; Echo<\/strong>&#8222;<\/p>\n\n\n\n<p><strong>Vernissage<\/strong>: Sonntag 23. November 2025, von 11:30 bis 14:30 Uhr<\/p>\n\n\n\n<p><strong>Weitere \u00d6ffnungszeiten:<\/strong><\/p>\n\n\n\n<p>Samstag 29.11.2025 von 16-18 Uhr<\/p>\n\n\n\n<p>Sonntag 30.11.2025 von 14-18 Uhr<\/p>\n\n\n\n<p>Samstag 06.12.2025 von 16-18 Uhr<\/p>\n\n\n\n<p>Sonntag 07.12.2025 von 14-18 Uhr   16.30 Uhr Konzert K\u00fcchentrio<\/p>\n\n\n\n<p>Die K\u00fcnstlerin ist anwesend.<\/p>\n\n\n\n<p>In ihren Bildern besch\u00e4ftigt Ilka Habrich sich mit Ph\u00e4nomenen der Natur, Mensch-Natur-Interaktionen und der menschlichen Spur in der Landschaft. Angesto\u00dfen von Eindr\u00fccken und dem Erleben der Welt wird diese Thematik in der Malerei kaum bis radikal abstrahiert. In verschiedenen Techniken wachsen Farbr\u00e4ume, in denen sich die Gegens\u00e4tze von Licht und Dunkel, Sch\u00e4rfe und Unsch\u00e4rfe, Realit\u00e4t und Imagination begegnen.<\/p>\n\n\n\n<p>Die Leinw\u00e4nde entstehen in d\u00fcnnen Farbschichtungen aus \u00d6lfarbe. Ein Bildtitel mag dem Betrachtenden Aufschluss \u00fcber einen Kontext geben, manchmal k\u00f6nnen Parallelen zu medial geh\u00e4uft pr\u00e4senten Inhalten gezogen werden (Arbeiten zu Krieg, Tagebau, Klimawandel und Naturkatastrophen).<\/p>\n\n\n\n<p>In ihren aktuellen Papierarbeiten der Werkgruppe \u201eextracts\u201c und den Holzk\u00f6rpern \u201eextracts on wood\u201c jedoch, werden Elemente, kleine Ausschnitte, Strukturen oder auch Inhaltliches aus ihren vorherigen Bildern verarbeitet. In spontaner Improvisation entstehen daraus Arbeiten, die in gestische\/lyrische Abstraktion steuern &#8211; eine Spurensuche, die kaum bis keinen Verweis mehr auf die urspr\u00fcngliche Quelle gibt.<\/p>\n\n\n\n<figure class=\"wp-block-gallery has-nested-images columns-default is-cropped wp-block-gallery-1 is-layout-flex wp-block-gallery-is-layout-flex\">\n<figure class=\"wp-block-image size-large\"><a href=\"https:\/\/schaffrath-haus.com\/wp-content\/uploads\/2025\/01\/Habrich-GKK-EG.jpg\"><img loading=\"lazy\" decoding=\"async\" width=\"1024\" height=\"683\" data-id=\"4771\" src=\"https:\/\/schaffrath-haus.com\/wp-content\/uploads\/2025\/01\/Habrich-GKK-EG-1024x683.jpg\" alt=\"\" class=\"wp-image-4771\" srcset=\"https:\/\/schaffrath-haus.com\/wp-content\/uploads\/2025\/01\/Habrich-GKK-EG-1024x683.jpg 1024w, https:\/\/schaffrath-haus.com\/wp-content\/uploads\/2025\/01\/Habrich-GKK-EG-300x200.jpg 300w, https:\/\/schaffrath-haus.com\/wp-content\/uploads\/2025\/01\/Habrich-GKK-EG-768x512.jpg 768w, https:\/\/schaffrath-haus.com\/wp-content\/uploads\/2025\/01\/Habrich-GKK-EG.jpg 1280w\" sizes=\"(max-width: 1024px) 100vw, 1024px\" \/><\/a><\/figure>\n\n\n\n<figure class=\"wp-block-image size-large\"><a href=\"https:\/\/schaffrath-haus.com\/wp-content\/uploads\/2025\/01\/Habrich-GKK-Raum-2OG-1.jpeg\"><img loading=\"lazy\" decoding=\"async\" width=\"1024\" height=\"683\" data-id=\"4770\" src=\"https:\/\/schaffrath-haus.com\/wp-content\/uploads\/2025\/01\/Habrich-GKK-Raum-2OG-1-1024x683.jpeg\" alt=\"\" class=\"wp-image-4770\" srcset=\"https:\/\/schaffrath-haus.com\/wp-content\/uploads\/2025\/01\/Habrich-GKK-Raum-2OG-1-1024x683.jpeg 1024w, https:\/\/schaffrath-haus.com\/wp-content\/uploads\/2025\/01\/Habrich-GKK-Raum-2OG-1-300x200.jpeg 300w, https:\/\/schaffrath-haus.com\/wp-content\/uploads\/2025\/01\/Habrich-GKK-Raum-2OG-1-768x512.jpeg 768w, https:\/\/schaffrath-haus.com\/wp-content\/uploads\/2025\/01\/Habrich-GKK-Raum-2OG-1.jpeg 1280w\" sizes=\"(max-width: 1024px) 100vw, 1024px\" \/><\/a><\/figure>\n\n\n\n<figure class=\"wp-block-image size-large\"><a href=\"https:\/\/schaffrath-haus.com\/wp-content\/uploads\/2025\/01\/ilka-habrich.jpg\"><img loading=\"lazy\" decoding=\"async\" width=\"768\" height=\"1024\" data-id=\"4772\" src=\"https:\/\/schaffrath-haus.com\/wp-content\/uploads\/2025\/01\/ilka-habrich-768x1024.jpg\" alt=\"\" class=\"wp-image-4772\" srcset=\"https:\/\/schaffrath-haus.com\/wp-content\/uploads\/2025\/01\/ilka-habrich-768x1024.jpg 768w, https:\/\/schaffrath-haus.com\/wp-content\/uploads\/2025\/01\/ilka-habrich-225x300.jpg 225w, https:\/\/schaffrath-haus.com\/wp-content\/uploads\/2025\/01\/ilka-habrich.jpg 960w\" sizes=\"(max-width: 768px) 100vw, 768px\" \/><\/a><\/figure>\n<\/figure>\n","protected":false},"excerpt":{"rendered":"<p>Ilka Habrich &#8222;Spur &amp; Echo&#8222; Vernissage: Sonntag 23. November 2025, von 11:30 bis 14:30 Uhr Weitere \u00d6ffnungszeiten: Samstag 29.11.2025 von 16-18 Uhr Sonntag 30.11.2025 von 14-18 Uhr Samstag 06.12.2025 von 16-18 Uhr Sonntag 07.12.2025 von 14-18 Uhr 16.30 Uhr Konzert K\u00fcchentrio Die K\u00fcnstlerin ist anwesend. In ihren Bildern besch\u00e4ftigt Ilka Habrich sich mit Ph\u00e4nomenen der &hellip; <a href=\"https:\/\/schaffrath-haus.com\/?page_id=4769\" class=\"more-link\"><span class=\"screen-reader-text\">23.11. &#8211; 07.12.2025 Ausstellung Ilka Habrich<\/span> weiterlesen <span class=\"meta-nav\">&rarr;<\/span><\/a><\/p>\n","protected":false},"author":1,"featured_media":0,"parent":0,"menu_order":0,"comment_status":"closed","ping_status":"closed","template":"","meta":{"footnotes":""},"class_list":["post-4769","page","type-page","status-publish","hentry"],"_links":{"self":[{"href":"https:\/\/schaffrath-haus.com\/index.php?rest_route=\/wp\/v2\/pages\/4769"}],"collection":[{"href":"https:\/\/schaffrath-haus.com\/index.php?rest_route=\/wp\/v2\/pages"}],"about":[{"href":"https:\/\/schaffrath-haus.com\/index.php?rest_route=\/wp\/v2\/types\/page"}],"author":[{"embeddable":true,"href":"https:\/\/schaffrath-haus.com\/index.php?rest_route=\/wp\/v2\/users\/1"}],"replies":[{"embeddable":true,"href":"https:\/\/schaffrath-haus.com\/index.php?rest_route=%2Fwp%2Fv2%2Fcomments&post=4769"}],"version-history":[{"count":7,"href":"https:\/\/schaffrath-haus.com\/index.php?rest_route=\/wp\/v2\/pages\/4769\/revisions"}],"predecessor-version":[{"id":5086,"href":"https:\/\/schaffrath-haus.com\/index.php?rest_route=\/wp\/v2\/pages\/4769\/revisions\/5086"}],"wp:attachment":[{"href":"https:\/\/schaffrath-haus.com\/index.php?rest_route=%2Fwp%2Fv2%2Fmedia&parent=4769"}],"curies":[{"name":"wp","href":"https:\/\/api.w.org\/{rel}","templated":true}]}}

<p class="has-green-color has-text-color has-link-color has-medium-font-size wp-elements-aa495ff45a2325b29ac317fb29f9a250"><strong>Ilka Habrich</strong></p>



<p class="has-green-color has-text-color has-link-color has-medium-font-size wp-elements-233e63c9e0d1db41e88111846eacb2d8">&#8222;<strong>Spur &amp; Echo</strong>&#8222;</p>



<p><strong>Vernissage</strong>: Sonntag 23. November 2025, von 11:30 bis 14:30 Uhr</p>



<p><strong>Weitere Öffnungszeiten:</strong></p>



<p>Samstag 29.11.2025 von 16-18 Uhr</p>



<p>Sonntag 30.11.2025 von 14-18 Uhr</p>



<p>Samstag 06.12.2025 von 16-18 Uhr</p>



<p>Sonntag 07.12.2025 von 14-18 Uhr   16.30 Uhr Konzert Küchentrio</p>



<p>Die Künstlerin ist anwesend.</p>



<p>In ihren Bildern beschäftigt Ilka Habrich sich mit Phänomenen der Natur, Mensch-Natur-Interaktionen und der menschlichen Spur in der Landschaft. Angestoßen von Eindrücken und dem Erleben der Welt wird diese Thematik in der Malerei kaum bis radikal abstrahiert. In verschiedenen Techniken wachsen Farbräume, in denen sich die Gegensätze von Licht und Dunkel, Schärfe und Unschärfe, Realität und Imagination begegnen.</p>



<p>Die Leinwände entstehen in dünnen Farbschichtungen aus Ölfarbe. Ein Bildtitel mag dem Betrachtenden Aufschluss über einen Kontext geben, manchmal können Parallelen zu medial gehäuft präsenten Inhalten gezogen werden (Arbeiten zu Krieg, Tagebau, Klimawandel und Naturkatastrophen).</p>



<p>In ihren aktuellen Papierarbeiten der Werkgruppe „extracts“ und den Holzkörpern „extracts on wood“ jedoch, werden Elemente, kleine Ausschnitte, Strukturen oder auch Inhaltliches aus ihren vorherigen Bildern verarbeitet. In spontaner Improvisation entstehen daraus Arbeiten, die in gestische/lyrische Abstraktion steuern &#8211; eine Spurensuche, die kaum bis keinen Verweis mehr auf die ursprüngliche Quelle gibt.</p>



<figure class="wp-block-gallery has-nested-images columns-default is-cropped wp-block-gallery-1 is-layout-flex wp-block-gallery-is-layout-flex">
<figure class="wp-block-image size-large"><a href="https://schaffrath-haus.com/wp-content/uploads/2025/01/Habrich-GKK-EG.jpg"><img loading="lazy" decoding="async" width="1024" height="683" data-id="4771" src="https://schaffrath-haus.com/wp-content/uploads/2025/01/Habrich-GKK-EG-1024x683.jpg" alt="" class="wp-image-4771" srcset="https://schaffrath-haus.com/wp-content/uploads/2025/01/Habrich-GKK-EG-1024x683.jpg 1024w, https://schaffrath-haus.com/wp-content/uploads/2025/01/Habrich-GKK-EG-300x200.jpg 300w, https://schaffrath-haus.com/wp-content/uploads/2025/01/Habrich-GKK-EG-768x512.jpg 768w, https://schaffrath-haus.com/wp-content/uploads/2025/01/Habrich-GKK-EG.jpg 1280w" sizes="(max-width: 1024px) 100vw, 1024px" /></a></figure>



<figure class="wp-block-image size-large"><a href="https://schaffrath-haus.com/wp-content/uploads/2025/01/Habrich-GKK-Raum-2OG-1.jpeg"><img loading="lazy" decoding="async" width="1024" height="683" data-id="4770" src="https://schaffrath-haus.com/wp-content/uploads/2025/01/Habrich-GKK-Raum-2OG-1-1024x683.jpeg" alt="" class="wp-image-4770" srcset="https://schaffrath-haus.com/wp-content/uploads/2025/01/Habrich-GKK-Raum-2OG-1-1024x683.jpeg 1024w, https://schaffrath-haus.com/wp-content/uploads/2025/01/Habrich-GKK-Raum-2OG-1-300x200.jpeg 300w, https://schaffrath-haus.com/wp-content/uploads/2025/01/Habrich-GKK-Raum-2OG-1-768x512.jpeg 768w, https://schaffrath-haus.com/wp-content/uploads/2025/01/Habrich-GKK-Raum-2OG-1.jpeg 1280w" sizes="(max-width: 1024px) 100vw, 1024px" /></a></figure>



<figure class="wp-block-image size-large"><a href="https://schaffrath-haus.com/wp-content/uploads/2025/01/ilka-habrich.jpg"><img loading="lazy" decoding="async" width="768" height="1024" data-id="4772" src="https://schaffrath-haus.com/wp-content/uploads/2025/01/ilka-habrich-768x1024.jpg" alt="" class="wp-image-4772" srcset="https://schaffrath-haus.com/wp-content/uploads/2025/01/ilka-habrich-768x1024.jpg 768w, https://schaffrath-haus.com/wp-content/uploads/2025/01/ilka-habrich-225x300.jpg 225w, https://schaffrath-haus.com/wp-content/uploads/2025/01/ilka-habrich.jpg 960w" sizes="(max-width: 768px) 100vw, 768px" /></a></figure>
</figure>

<p>Ilka Habrich &#8222;Spur &amp; Echo&#8222; Vernissage: Sonntag 23. November 2025, von 11:30 bis 14:30 Uhr Weitere Öffnungszeiten: Samstag 29.11.2025 von 16-18 Uhr Sonntag 30.11.2025 von 14-18 Uhr Samstag 06.12.2025 von 16-18 Uhr Sonntag 07.12.2025 von 14-18 Uhr 16.30 Uhr Konzert Küchentrio Die Künstlerin ist anwesend. In ihren Bildern beschäftigt Ilka Habrich sich mit Phänomenen der &hellip; <a href="https://schaffrath-haus.com/?page_id=4769" class="more-link"><span class="screen-reader-text">23.11. &#8211; 07.12.2025 Ausstellung Ilka Habrich</span> weiterlesen <span class="meta-nav">&rarr;</span></a></p>
