{"id":4425,"date":"2024-10-12T08:01:49","date_gmt":"2024-10-12T08:01:49","guid":{"rendered":"https:\/\/schaffrath-haus.com\/wp\/?page_id=4425"},"modified":"2025-07-26T04:47:42","modified_gmt":"2025-07-26T04:47:42","slug":"2025-veranstaltungen-konzerte-mehr","status":"publish","type":"page","link":"https:\/\/schaffrath-haus.com\/?page_id=4425","title":{"rendered":"2025 Veranstaltungen, Konzerte &amp; mehr \u00dcbersicht"},"content":{"rendered":"\n<p>\u00dcber das Drop-Down Men\u00fc (oben) erfahren Sie mehr zu den einzelnen Veranstaltungen.<\/p>\n\n\n\n<p>Hinweis: Veranstaltungen im Haus sind nur \u00fcber Treppen erreichbar, Veranstaltungen auf dem Au\u00dfengel\u00e4nde finden unter einer \u00dcberdachung statt, das Gel\u00e4nde ist uneben.<\/p>\n\n\n\n<hr class=\"wp-block-separator has-alpha-channel-opacity is-style-wide\"\/>\n\n\n\n<p class=\"has-medium-font-size\"><strong>15. M\u00e4rz 2025<\/strong><\/p>\n\n\n\n<h2 class=\"wp-block-heading has-green-color has-text-color has-medium-font-size\">Irisches <strong>Whiskey-Tasting<\/strong><\/h2>\n\n\n\n<p class=\"has-medium-font-size\"><strong>mit<\/strong> <strong>Benny Simmat &amp; Alex Leisten<\/strong><\/p>\n\n\n\n<p class=\"has-medium-font-size\"><\/p>\n\n\n\n<hr class=\"wp-block-separator has-alpha-channel-opacity is-style-wide\"\/>\n\n\n\n<h2 class=\"wp-block-heading has-medium-font-size\"><strong>12. Juli 2025<\/strong><\/h2>\n\n\n\n<p class=\"has-green-color has-text-color has-link-color has-medium-font-size wp-elements-3073c7666b8bdc9a44d8f8f9a0a72cae\"><strong>Konzert<\/strong><\/p>\n\n\n\n<p class=\"has-medium-font-size\"><strong>Band:<\/strong> <strong>Franz Brandt Quartett<\/strong><\/p>\n\n\n\n<hr class=\"wp-block-separator has-alpha-channel-opacity is-style-wide\"\/>\n\n\n\n<p class=\"has-medium-font-size\"><strong>14. September 2025<\/strong><\/p>\n\n\n\n<p class=\"has-text-color has-link-color has-medium-font-size wp-elements-02b9b2305724b8106b8665886457eb2a\" style=\"color:#f4012a\"><strong>Kabarett<\/strong> &#8211; AUSVERKAUFT! <\/p>\n\n\n\n<p class=\"has-black-color has-text-color has-link-color has-medium-font-size wp-elements-37b88e767d1cc8d0470051ab7770b57b\"><strong>J\u00fcrgen B. Hausmann mit Harald Cla\u00dfen<\/strong><\/p>\n\n\n\n<hr class=\"wp-block-separator has-alpha-channel-opacity is-style-wide\"\/>\n\n\n\n<h2 class=\"wp-block-heading has-medium-font-size\"><strong>25. Oktober 2025<\/strong><\/h2>\n\n\n\n<p class=\"has-green-color has-text-color has-link-color has-medium-font-size wp-elements-3073c7666b8bdc9a44d8f8f9a0a72cae\"><strong>Konzert<\/strong><\/p>\n\n\n\n<p class=\"has-medium-font-size\"><strong>Band: Acht Tage frei<\/strong><\/p>\n\n\n\n<hr class=\"wp-block-separator has-alpha-channel-opacity is-style-wide\"\/>\n\n\n\n<p class=\"has-medium-font-size\"><strong>13. November 2025<\/strong><\/p>\n\n\n\n<p class=\"has-green-color has-text-color has-link-color has-medium-font-size wp-elements-d2cb39a92f4d7c99ce0ad7adb33f8d32\"><strong>Jahreshauptversammlung<\/strong><\/p>\n\n\n\n<p>Unsere diesj\u00e4hrige Jahreshauptversammlung (mit Neuwahlen) findet am 13. November 2025 um 19:00 Uhr im Schaffrathhaus statt. Alle Mitglieder und Interessierten sind herzlich eingeladen.<\/p>\n\n\n\n<hr class=\"wp-block-separator has-alpha-channel-opacity is-style-wide\"\/>\n\n\n\n<p class=\"has-medium-font-size\"><strong>29. November 2025<\/strong><\/p>\n\n\n\n<h2 class=\"wp-block-heading has-green-color has-text-color has-medium-font-size\">Schottisches <strong>Whiskey-Tasting<\/strong><\/h2>\n\n\n\n<p class=\"has-medium-font-size\"><strong>mit<\/strong> <strong>Benny Simmat &amp; Alex Leisten<\/strong><\/p>\n\n\n\n<hr class=\"wp-block-separator has-alpha-channel-opacity is-style-wide\"\/>\n\n\n\n<h2 class=\"wp-block-heading\">Unser Kunst &amp; Kulturkalender 2025:<\/h2>\n\n\n\n<p><\/p>\n\n\n\n<figure class=\"wp-block-image size-large\"><a href=\"https:\/\/schaffrath-haus.com\/wp-content\/uploads\/2025\/02\/Kunstkalender2025-Schaffrathhaus-1-scaled.jpg\"><img loading=\"lazy\" decoding=\"async\" width=\"1024\" height=\"729\" src=\"https:\/\/schaffrath-haus.com\/wp-content\/uploads\/2025\/02\/Kunstkalender2025-Schaffrathhaus-1-1024x729.jpg\" alt=\"\" class=\"wp-image-4893\" srcset=\"https:\/\/schaffrath-haus.com\/wp-content\/uploads\/2025\/02\/Kunstkalender2025-Schaffrathhaus-1-1024x729.jpg 1024w, https:\/\/schaffrath-haus.com\/wp-content\/uploads\/2025\/02\/Kunstkalender2025-Schaffrathhaus-1-300x214.jpg 300w, https:\/\/schaffrath-haus.com\/wp-content\/uploads\/2025\/02\/Kunstkalender2025-Schaffrathhaus-1-768x547.jpg 768w, https:\/\/schaffrath-haus.com\/wp-content\/uploads\/2025\/02\/Kunstkalender2025-Schaffrathhaus-1-1536x1094.jpg 1536w, https:\/\/schaffrath-haus.com\/wp-content\/uploads\/2025\/02\/Kunstkalender2025-Schaffrathhaus-1-2048x1458.jpg 2048w\" sizes=\"(max-width: 1024px) 100vw, 1024px\" \/><\/a><\/figure>\n\n\n\n<figure class=\"wp-block-image size-large\"><a href=\"https:\/\/schaffrath-haus.com\/wp-content\/uploads\/2025\/02\/Kunstkalender2025-Schaffrathhaus-2-scaled.jpg\"><img loading=\"lazy\" decoding=\"async\" width=\"1024\" height=\"730\" src=\"https:\/\/schaffrath-haus.com\/wp-content\/uploads\/2025\/02\/Kunstkalender2025-Schaffrathhaus-2-1024x730.jpg\" alt=\"\" class=\"wp-image-4894\" srcset=\"https:\/\/schaffrath-haus.com\/wp-content\/uploads\/2025\/02\/Kunstkalender2025-Schaffrathhaus-2-1024x730.jpg 1024w, https:\/\/schaffrath-haus.com\/wp-content\/uploads\/2025\/02\/Kunstkalender2025-Schaffrathhaus-2-300x214.jpg 300w, https:\/\/schaffrath-haus.com\/wp-content\/uploads\/2025\/02\/Kunstkalender2025-Schaffrathhaus-2-768x547.jpg 768w, https:\/\/schaffrath-haus.com\/wp-content\/uploads\/2025\/02\/Kunstkalender2025-Schaffrathhaus-2-1536x1095.jpg 1536w, https:\/\/schaffrath-haus.com\/wp-content\/uploads\/2025\/02\/Kunstkalender2025-Schaffrathhaus-2-2048x1460.jpg 2048w\" sizes=\"(max-width: 1024px) 100vw, 1024px\" \/><\/a><\/figure>\n","protected":false},"excerpt":{"rendered":"<p>\u00dcber das Drop-Down Men\u00fc (oben) erfahren Sie mehr zu den einzelnen Veranstaltungen. Hinweis: Veranstaltungen im Haus sind nur \u00fcber Treppen erreichbar, Veranstaltungen auf dem Au\u00dfengel\u00e4nde finden unter einer \u00dcberdachung statt, das Gel\u00e4nde ist uneben. 15. M\u00e4rz 2025 Irisches Whiskey-Tasting mit Benny Simmat &amp; Alex Leisten 12. Juli 2025 Konzert Band: Franz Brandt Quartett 14. September &hellip; <a href=\"https:\/\/schaffrath-haus.com\/?page_id=4425\" class=\"more-link\"><span class=\"screen-reader-text\">2025 Veranstaltungen, Konzerte &amp; mehr \u00dcbersicht<\/span> weiterlesen <span class=\"meta-nav\">&rarr;<\/span><\/a><\/p>\n","protected":false},"author":1,"featured_media":0,"parent":0,"menu_order":0,"comment_status":"closed","ping_status":"closed","template":"","meta":{"footnotes":""},"class_list":["post-4425","page","type-page","status-publish","hentry"],"_links":{"self":[{"href":"https:\/\/schaffrath-haus.com\/index.php?rest_route=\/wp\/v2\/pages\/4425"}],"collection":[{"href":"https:\/\/schaffrath-haus.com\/index.php?rest_route=\/wp\/v2\/pages"}],"about":[{"href":"https:\/\/schaffrath-haus.com\/index.php?rest_route=\/wp\/v2\/types\/page"}],"author":[{"embeddable":true,"href":"https:\/\/schaffrath-haus.com\/index.php?rest_route=\/wp\/v2\/users\/1"}],"replies":[{"embeddable":true,"href":"https:\/\/schaffrath-haus.com\/index.php?rest_route=%2Fwp%2Fv2%2Fcomments&post=4425"}],"version-history":[{"count":19,"href":"https:\/\/schaffrath-haus.com\/index.php?rest_route=\/wp\/v2\/pages\/4425\/revisions"}],"predecessor-version":[{"id":5047,"href":"https:\/\/schaffrath-haus.com\/index.php?rest_route=\/wp\/v2\/pages\/4425\/revisions\/5047"}],"wp:attachment":[{"href":"https:\/\/schaffrath-haus.com\/index.php?rest_route=%2Fwp%2Fv2%2Fmedia&parent=4425"}],"curies":[{"name":"wp","href":"https:\/\/api.w.org\/{rel}","templated":true}]}}

2025 Veranstaltungen, Konzerte &amp; mehr Übersicht

<p>Über das Drop-Down Menü (oben) erfahren Sie mehr zu den einzelnen Veranstaltungen.</p>



<p>Hinweis: Veranstaltungen im Haus sind nur über Treppen erreichbar, Veranstaltungen auf dem Außengelände finden unter einer Überdachung statt, das Gelände ist uneben.</p>



<hr class="wp-block-separator has-alpha-channel-opacity is-style-wide"/>



<p class="has-medium-font-size"><strong>15. März 2025</strong></p>



<h2 class="wp-block-heading has-green-color has-text-color has-medium-font-size">Irisches <strong>Whiskey-Tasting</strong></h2>



<p class="has-medium-font-size"><strong>mit</strong> <strong>Benny Simmat &amp; Alex Leisten</strong></p>



<p class="has-medium-font-size"></p>



<hr class="wp-block-separator has-alpha-channel-opacity is-style-wide"/>



<h2 class="wp-block-heading has-medium-font-size"><strong>12. Juli 2025</strong></h2>



<p class="has-green-color has-text-color has-link-color has-medium-font-size wp-elements-3073c7666b8bdc9a44d8f8f9a0a72cae"><strong>Konzert</strong></p>



<p class="has-medium-font-size"><strong>Band:</strong> <strong>Franz Brandt Quartett</strong></p>



<hr class="wp-block-separator has-alpha-channel-opacity is-style-wide"/>



<p class="has-medium-font-size"><strong>14. September 2025</strong></p>



<p class="has-text-color has-link-color has-medium-font-size wp-elements-02b9b2305724b8106b8665886457eb2a" style="color:#f4012a"><strong>Kabarett</strong> &#8211; AUSVERKAUFT! </p>



<p class="has-black-color has-text-color has-link-color has-medium-font-size wp-elements-37b88e767d1cc8d0470051ab7770b57b"><strong>Jürgen B. Hausmann mit Harald Claßen</strong></p>



<hr class="wp-block-separator has-alpha-channel-opacity is-style-wide"/>



<h2 class="wp-block-heading has-medium-font-size"><strong>25. Oktober 2025</strong></h2>



<p class="has-green-color has-text-color has-link-color has-medium-font-size wp-elements-3073c7666b8bdc9a44d8f8f9a0a72cae"><strong>Konzert</strong></p>



<p class="has-medium-font-size"><strong>Band: Acht Tage frei</strong></p>



<hr class="wp-block-separator has-alpha-channel-opacity is-style-wide"/>



<p class="has-medium-font-size"><strong>13. November 2025</strong></p>



<p class="has-green-color has-text-color has-link-color has-medium-font-size wp-elements-d2cb39a92f4d7c99ce0ad7adb33f8d32"><strong>Jahreshauptversammlung</strong></p>



<p>Unsere diesjährige Jahreshauptversammlung (mit Neuwahlen) findet am 13. November 2025 um 19:00 Uhr im Schaffrathhaus statt. Alle Mitglieder und Interessierten sind herzlich eingeladen.</p>



<hr class="wp-block-separator has-alpha-channel-opacity is-style-wide"/>



<p class="has-medium-font-size"><strong>29. November 2025</strong></p>



<h2 class="wp-block-heading has-green-color has-text-color has-medium-font-size">Schottisches <strong>Whiskey-Tasting</strong></h2>



<p class="has-medium-font-size"><strong>mit</strong> <strong>Benny Simmat &amp; Alex Leisten</strong></p>



<hr class="wp-block-separator has-alpha-channel-opacity is-style-wide"/>



<h2 class="wp-block-heading">Unser Kunst &amp; Kulturkalender 2025:</h2>



<p></p>



<figure class="wp-block-image size-large"><a href="https://schaffrath-haus.com/wp-content/uploads/2025/02/Kunstkalender2025-Schaffrathhaus-1-scaled.jpg"><img loading="lazy" decoding="async" width="1024" height="729" src="https://schaffrath-haus.com/wp-content/uploads/2025/02/Kunstkalender2025-Schaffrathhaus-1-1024x729.jpg" alt="" class="wp-image-4893" srcset="https://schaffrath-haus.com/wp-content/uploads/2025/02/Kunstkalender2025-Schaffrathhaus-1-1024x729.jpg 1024w, https://schaffrath-haus.com/wp-content/uploads/2025/02/Kunstkalender2025-Schaffrathhaus-1-300x214.jpg 300w, https://schaffrath-haus.com/wp-content/uploads/2025/02/Kunstkalender2025-Schaffrathhaus-1-768x547.jpg 768w, https://schaffrath-haus.com/wp-content/uploads/2025/02/Kunstkalender2025-Schaffrathhaus-1-1536x1094.jpg 1536w, https://schaffrath-haus.com/wp-content/uploads/2025/02/Kunstkalender2025-Schaffrathhaus-1-2048x1458.jpg 2048w" sizes="(max-width: 1024px) 100vw, 1024px" /></a></figure>



<figure class="wp-block-image size-large"><a href="https://schaffrath-haus.com/wp-content/uploads/2025/02/Kunstkalender2025-Schaffrathhaus-2-scaled.jpg"><img loading="lazy" decoding="async" width="1024" height="730" src="https://schaffrath-haus.com/wp-content/uploads/2025/02/Kunstkalender2025-Schaffrathhaus-2-1024x730.jpg" alt="" class="wp-image-4894" srcset="https://schaffrath-haus.com/wp-content/uploads/2025/02/Kunstkalender2025-Schaffrathhaus-2-1024x730.jpg 1024w, https://schaffrath-haus.com/wp-content/uploads/2025/02/Kunstkalender2025-Schaffrathhaus-2-300x214.jpg 300w, https://schaffrath-haus.com/wp-content/uploads/2025/02/Kunstkalender2025-Schaffrathhaus-2-768x547.jpg 768w, https://schaffrath-haus.com/wp-content/uploads/2025/02/Kunstkalender2025-Schaffrathhaus-2-1536x1095.jpg 1536w, https://schaffrath-haus.com/wp-content/uploads/2025/02/Kunstkalender2025-Schaffrathhaus-2-2048x1460.jpg 2048w" sizes="(max-width: 1024px) 100vw, 1024px" /></a></figure>

<p>Über das Drop-Down Menü (oben) erfahren Sie mehr zu den einzelnen Veranstaltungen. Hinweis: Veranstaltungen im Haus sind nur über Treppen erreichbar, Veranstaltungen auf dem Außengelände finden unter einer Überdachung statt, das Gelände ist uneben. 15. März 2025 Irisches Whiskey-Tasting mit Benny Simmat &amp; Alex Leisten 12. Juli 2025 Konzert Band: Franz Brandt Quartett 14. September &hellip; <a href="https://schaffrath-haus.com/?page_id=4425" class="more-link"><span class="screen-reader-text">2025 Veranstaltungen, Konzerte &amp; mehr Übersicht</span> weiterlesen <span class="meta-nav">&rarr;</span></a></p>
