{"id":4269,"date":"2024-08-31T07:23:52","date_gmt":"2024-08-31T07:23:52","guid":{"rendered":"https:\/\/schaffrath-haus.com\/wp\/?page_id=4269"},"modified":"2024-11-09T09:19:04","modified_gmt":"2024-11-09T09:19:04","slug":"michalke","status":"publish","type":"page","link":"https:\/\/schaffrath-haus.com\/?page_id=4269","title":{"rendered":"23.11.2024 Stefan Michalke Duo"},"content":{"rendered":"\n<h2 class=\"wp-block-heading has-text-color has-large-font-size\" style=\"color:#068154\"><strong>Stefan Michalke Duo<\/strong><\/h2>\n\n\n\n<p class=\"has-large-font-size\"><strong>Konzert: &#8222;Lyrical Jazz&#8220;<\/strong><\/p>\n\n\n\n<h2 class=\"wp-block-heading has-large-font-size\"><strong>23. November 2024, 20:00 Uhr<\/strong><\/h2>\n\n\n\n<p>Eva Viola M\u00fcller &amp; Stefan Michalke kreieren mit Ihrem \u201eLyrical Jazz\u201c eine Atmosph\u00e4re, die sowohl Ruhe als auch Intensit\u00e4t erlaubt. Die vertr\u00e4umte Poesie, die facettenreiche Stimme und der Tanz der S\u00e4ngerin Eva Viola laden ein zum Versinken in andere Sph\u00e4ren; der Pianist Stefan Michalke, bekannt f\u00fcr seine malerische Spielweise, schafft es verschiedene Klangfarben zu einer spannenden Gesamtkomposition zu vereinen.<\/p>\n\n\n\n<p>Das Debut Album InSight wurde von der Fachpresse hoch gelobt; ein ausf\u00fchrlicher Artikel erschien im Jazzthetik Magazin. Im Herbst 2024 erscheint ihr neues Konzept-Album<em> <\/em>\u201e12\u201c<em>.<\/em><\/p>\n\n\n\n<p class=\"has-black-color has-text-color\"><strong>Tickets:  inkl. 1 Freigetr\u00e4nk und lecker H\u00e4ppchen:<\/strong><\/p>\n\n\n\n<p><strong>Vorverkauf<\/strong>: 25,00 \u20ac<\/p>\n\n\n\n<p><strong>Abendkasse: <\/strong>30,00 \u20ac (nur Barzahlung)<\/p>\n\n\n\n<p><strong>Buchung \u00fcber<\/strong>: Tel. 02404-6767 084 oder E-Mail: <a href=\"mailto:info@schaffrath-haus.com\">info@schaffrath-haus.com<\/a><\/p>\n\n\n\n<p><strong>Bankverbindung:<\/strong><\/p>\n\n\n\n<p>Sparkasse Aachen, IBAN: DE83 3905 0000 1072 1054 61 (unbedingt Ihren Name und welche Veranstaltung angeben!)<\/p>\n\n\n\n<figure class=\"wp-block-image size-large\"><a href=\"https:\/\/schaffrath-haus.com\/wp-content\/uploads\/2024\/11\/Michalke-Flyer.jpg\"><img loading=\"lazy\" decoding=\"async\" width=\"1024\" height=\"715\" src=\"https:\/\/schaffrath-haus.com\/wp-content\/uploads\/2024\/11\/Michalke-Flyer-1024x715.jpg\" alt=\"\" class=\"wp-image-4539\" srcset=\"https:\/\/schaffrath-haus.com\/wp-content\/uploads\/2024\/11\/Michalke-Flyer-1024x715.jpg 1024w, https:\/\/schaffrath-haus.com\/wp-content\/uploads\/2024\/11\/Michalke-Flyer-300x209.jpg 300w, https:\/\/schaffrath-haus.com\/wp-content\/uploads\/2024\/11\/Michalke-Flyer-768x536.jpg 768w, https:\/\/schaffrath-haus.com\/wp-content\/uploads\/2024\/11\/Michalke-Flyer-1536x1072.jpg 1536w, https:\/\/schaffrath-haus.com\/wp-content\/uploads\/2024\/11\/Michalke-Flyer.jpg 1656w\" sizes=\"(max-width: 1024px) 100vw, 1024px\" \/><\/a><\/figure>\n\n\n\n<p class=\"has-small-font-size\"><\/p>\n","protected":false},"excerpt":{"rendered":"<p>Stefan Michalke Duo Konzert: &#8222;Lyrical Jazz&#8220; 23. November 2024, 20:00 Uhr Eva Viola M\u00fcller &amp; Stefan Michalke kreieren mit Ihrem \u201eLyrical Jazz\u201c eine Atmosph\u00e4re, die sowohl Ruhe als auch Intensit\u00e4t erlaubt. Die vertr\u00e4umte Poesie, die facettenreiche Stimme und der Tanz der S\u00e4ngerin Eva Viola laden ein zum Versinken in andere Sph\u00e4ren; der Pianist Stefan Michalke, &hellip; <a href=\"https:\/\/schaffrath-haus.com\/?page_id=4269\" class=\"more-link\"><span class=\"screen-reader-text\">23.11.2024 Stefan Michalke Duo<\/span> weiterlesen <span class=\"meta-nav\">&rarr;<\/span><\/a><\/p>\n","protected":false},"author":1,"featured_media":0,"parent":0,"menu_order":0,"comment_status":"closed","ping_status":"closed","template":"","meta":{"footnotes":""},"class_list":["post-4269","page","type-page","status-publish","hentry"],"_links":{"self":[{"href":"https:\/\/schaffrath-haus.com\/index.php?rest_route=\/wp\/v2\/pages\/4269"}],"collection":[{"href":"https:\/\/schaffrath-haus.com\/index.php?rest_route=\/wp\/v2\/pages"}],"about":[{"href":"https:\/\/schaffrath-haus.com\/index.php?rest_route=\/wp\/v2\/types\/page"}],"author":[{"embeddable":true,"href":"https:\/\/schaffrath-haus.com\/index.php?rest_route=\/wp\/v2\/users\/1"}],"replies":[{"embeddable":true,"href":"https:\/\/schaffrath-haus.com\/index.php?rest_route=%2Fwp%2Fv2%2Fcomments&post=4269"}],"version-history":[{"count":4,"href":"https:\/\/schaffrath-haus.com\/index.php?rest_route=\/wp\/v2\/pages\/4269\/revisions"}],"predecessor-version":[{"id":4542,"href":"https:\/\/schaffrath-haus.com\/index.php?rest_route=\/wp\/v2\/pages\/4269\/revisions\/4542"}],"wp:attachment":[{"href":"https:\/\/schaffrath-haus.com\/index.php?rest_route=%2Fwp%2Fv2%2Fmedia&parent=4269"}],"curies":[{"name":"wp","href":"https:\/\/api.w.org\/{rel}","templated":true}]}}

<h2 class="wp-block-heading has-text-color has-large-font-size" style="color:#068154"><strong>Stefan Michalke Duo</strong></h2>



<p class="has-large-font-size"><strong>Konzert: &#8222;Lyrical Jazz&#8220;</strong></p>



<h2 class="wp-block-heading has-large-font-size"><strong>23. November 2024, 20:00 Uhr</strong></h2>



<p>Eva Viola Müller &amp; Stefan Michalke kreieren mit Ihrem „Lyrical Jazz“ eine Atmosphäre, die sowohl Ruhe als auch Intensität erlaubt. Die verträumte Poesie, die facettenreiche Stimme und der Tanz der Sängerin Eva Viola laden ein zum Versinken in andere Sphären; der Pianist Stefan Michalke, bekannt für seine malerische Spielweise, schafft es verschiedene Klangfarben zu einer spannenden Gesamtkomposition zu vereinen.</p>



<p>Das Debut Album InSight wurde von der Fachpresse hoch gelobt; ein ausführlicher Artikel erschien im Jazzthetik Magazin. Im Herbst 2024 erscheint ihr neues Konzept-Album<em> </em>„12“<em>.</em></p>



<p class="has-black-color has-text-color"><strong>Tickets:  inkl. 1 Freigetränk und lecker Häppchen:</strong></p>



<p><strong>Vorverkauf</strong>: 25,00 €</p>



<p><strong>Abendkasse: </strong>30,00 € (nur Barzahlung)</p>



<p><strong>Buchung über</strong>: Tel. 02404-6767 084 oder E-Mail: <a href="mailto:info@schaffrath-haus.com">info@schaffrath-haus.com</a></p>



<p><strong>Bankverbindung:</strong></p>



<p>Sparkasse Aachen, IBAN: DE83 3905 0000 1072 1054 61 (unbedingt Ihren Name und welche Veranstaltung angeben!)</p>



<figure class="wp-block-image size-large"><a href="https://schaffrath-haus.com/wp-content/uploads/2024/11/Michalke-Flyer.jpg"><img loading="lazy" decoding="async" width="1024" height="715" src="https://schaffrath-haus.com/wp-content/uploads/2024/11/Michalke-Flyer-1024x715.jpg" alt="" class="wp-image-4539" srcset="https://schaffrath-haus.com/wp-content/uploads/2024/11/Michalke-Flyer-1024x715.jpg 1024w, https://schaffrath-haus.com/wp-content/uploads/2024/11/Michalke-Flyer-300x209.jpg 300w, https://schaffrath-haus.com/wp-content/uploads/2024/11/Michalke-Flyer-768x536.jpg 768w, https://schaffrath-haus.com/wp-content/uploads/2024/11/Michalke-Flyer-1536x1072.jpg 1536w, https://schaffrath-haus.com/wp-content/uploads/2024/11/Michalke-Flyer.jpg 1656w" sizes="(max-width: 1024px) 100vw, 1024px" /></a></figure>



<p class="has-small-font-size"></p>

<p>Stefan Michalke Duo Konzert: &#8222;Lyrical Jazz&#8220; 23. November 2024, 20:00 Uhr Eva Viola Müller &amp; Stefan Michalke kreieren mit Ihrem „Lyrical Jazz“ eine Atmosphäre, die sowohl Ruhe als auch Intensität erlaubt. Die verträumte Poesie, die facettenreiche Stimme und der Tanz der Sängerin Eva Viola laden ein zum Versinken in andere Sphären; der Pianist Stefan Michalke, &hellip; <a href="https://schaffrath-haus.com/?page_id=4269" class="more-link"><span class="screen-reader-text">23.11.2024 Stefan Michalke Duo</span> weiterlesen <span class="meta-nav">&rarr;</span></a></p>
