{"id":4228,"date":"2024-08-31T06:21:44","date_gmt":"2024-08-31T06:21:44","guid":{"rendered":"https:\/\/schaffrath-haus.com\/wp\/?page_id=4228"},"modified":"2024-08-31T06:34:21","modified_gmt":"2024-08-31T06:34:21","slug":"schaffrath-einhundert","status":"publish","type":"page","link":"https:\/\/schaffrath-haus.com\/?page_id=4228","title":{"rendered":"22.06. &#8211; 13.07.2024 Ludwig Schaffrath"},"content":{"rendered":"\n<p class=\"has-text-color has-large-font-size\" style=\"color:#047d51\"><strong>Ludwig Schaffrath<\/strong><\/p>\n\n\n\n<p class=\"has-black-color has-text-color has-large-font-size\">&#8222;<strong>Schaffrath Einhundert&#8220; <\/strong><\/p>\n\n\n\n<p class=\"has-black-color has-text-color has-large-font-size\"><strong>Ausstellung zum 100. Geburtstag von Ludwig Schaffrath<\/strong><\/p>\n\n\n\n<p class=\"has-large-font-size\"><strong>22. Juni &#8211; 13. Juli 2024<\/strong><\/p>\n\n\n\n<figure class=\"wp-block-gallery has-nested-images columns-default is-cropped wp-block-gallery-1 is-layout-flex wp-block-gallery-is-layout-flex\">\n<figure class=\"wp-block-image size-large\"><a href=\"https:\/\/schaffrath-haus.com\/wp-content\/uploads\/2024\/08\/Schaffrath-100-Flyer-komp-2024-2.jpg\"><img loading=\"lazy\" decoding=\"async\" width=\"1024\" height=\"515\" data-id=\"4157\" src=\"https:\/\/schaffrath-haus.com\/wp-content\/uploads\/2024\/08\/Schaffrath-100-Flyer-komp-2024-2.jpg\" alt=\"\" class=\"wp-image-4157\" srcset=\"https:\/\/schaffrath-haus.com\/wp-content\/uploads\/2024\/08\/Schaffrath-100-Flyer-komp-2024-2.jpg 1024w, https:\/\/schaffrath-haus.com\/wp-content\/uploads\/2024\/08\/Schaffrath-100-Flyer-komp-2024-2-300x151.jpg 300w, https:\/\/schaffrath-haus.com\/wp-content\/uploads\/2024\/08\/Schaffrath-100-Flyer-komp-2024-2-768x386.jpg 768w\" sizes=\"(max-width: 1024px) 100vw, 1024px\" \/><\/a><\/figure>\n<\/figure>\n\n\n\n<p><\/p>\n\n\n\n<p>Das Schaffrathhaus zeigt zum hundertsten Geburtstag seines Namensgebers in seinem Atelier, das weitgehend im Originalzustand erhalten ist, ausgew\u00e4hlte Arbeiten seiner zeitgen\u00f6ssischen abstrakten Kunst in Glas, Stein, sowie auf Papier und Leinwand. Wir freuen uns dieses Event in Kooperation mit den St\u00e4dteregionalen Kulturtagen durchf\u00fchren zu k\u00f6nnen.<\/p>\n\n\n\n<p>Die Veranstaltung beginnt mit einer Vernissage zu Ehren des K\u00fcnstlers. Der Kunsthistoriker Dr. Dirk T\u00f6lke f\u00fchrt in die Ausstellung ein und wird Interessantes und Wissenswertes \u00fcber den K\u00fcnstler vermitteln.<\/p>\n\n\n\n<p>Ein Rahmenprogramm mit musikalischer Gestaltung des Duos Sch\u00e4fer\/Proske inklusive kleiner H\u00e4ppchen und Getr\u00e4nke runden diesen Abend ab. An den beiden darauffolgenden Wochenenden, wird die Ausstellung Samstags von 16:00 &#8211; 18:00 Uhr und Sonntags von 14:00 &#8211; 18:00 Uhr ge\u00f6ffnet sein.<\/p>\n\n\n\n<p>Am 13.07.2024 feiern wir den 100. Geburtstag von Ludwig Schaffrath. Es erwarten Sie bei musikalischer Begleitung von Hejoe Schenkelberg mit seinem Akkordeon, Salate und Gerichte vom Grill und einige \u00dcberraschungen.<\/p>\n\n\n\n<h2 class=\"wp-block-heading\">Vernissage\/Er\u00f6ffnung:<\/h2>\n\n\n\n<p><strong>Vernissage: <\/strong>22. Juni 2024, 18:00 bis 21:00 Uhr<\/p>\n\n\n\n<p><strong>Begr\u00fc\u00dfung:<\/strong> Alfred Sonders, B\u00fcrgermeister der Stadt Alsdorf<\/p>\n\n\n\n<p><strong>Einf\u00fchrung in das Werk von Schaffrath:<\/strong> Dirk T\u00f6lke, Kunsthistoriker<\/p>\n\n\n\n<p><strong>Musik:<\/strong> K\u00fcnstlerduo Gitta Sch\u00e4fer &amp; Markus Proske<\/p>\n\n\n\n<h2 class=\"wp-block-heading\">Finissage\/Feier:<\/h2>\n\n\n\n<p><strong>Finissage\/Feier: <\/strong>13. Juli 2024, 18:00 bis 21:00 Uhr, Ludwig Schaffrath w\u00e4re heute 100 Jahre alt geworden.<\/p>\n\n\n\n<p><strong>Einf\u00fchrung in das Leben von Schaffrath:<\/strong> Dirk T\u00f6lke, Kunsthistoriker<\/p>\n\n\n\n<p><strong>Musik:<\/strong> Hejoe Schenkelberg unterh\u00e4lt die Besucher mit seinem Akkordeon<\/p>\n\n\n\n<p>Wir Grillen und Besucher k\u00f6nnen Schl\u00fcssel von einem ausrangierten Kontoausz\u00fcge-Schrank &#8222;kaufen&#8220;, in dem sich kleine Orginal-Schaffrathwerke befinden. Zudem finden weitere, spannende Aktionen statt. Lassen Sie sich \u00fcberraschen!<\/p>\n\n\n\n<h2 class=\"wp-block-heading\">Kostenlose F\u00fchrungen durch das Schaffrathhaus:<\/h2>\n\n\n\n<p><\/p>\n\n\n\n<p>Ulla Schaffrath-Busch, Tochter von Ludwig Schaffrath, f\u00fchrt Sie w\u00e4hrend der \u00d6ffnungzeiten der gesamten Ausstellung durch das Schaffrathhaus.<\/p>\n\n\n\n<p><strong>F\u00fchrungen: <\/strong>Jeweils um 16:00 Uhr und um 17:00 Uhr, dauer ca. 20 Minuten<\/p>\n\n\n\n<p><strong>Wann<\/strong>: 23. Juni, 29. Juni, 30. Juni, 6. Juli, 7. Juli 2024<\/p>\n","protected":false},"excerpt":{"rendered":"<p>Ludwig Schaffrath &#8222;Schaffrath Einhundert&#8220; Ausstellung zum 100. Geburtstag von Ludwig Schaffrath 22. Juni &#8211; 13. Juli 2024 Das Schaffrathhaus zeigt zum hundertsten Geburtstag seines Namensgebers in seinem Atelier, das weitgehend im Originalzustand erhalten ist, ausgew\u00e4hlte Arbeiten seiner zeitgen\u00f6ssischen abstrakten Kunst in Glas, Stein, sowie auf Papier und Leinwand. Wir freuen uns dieses Event in Kooperation &hellip; <a href=\"https:\/\/schaffrath-haus.com\/?page_id=4228\" class=\"more-link\"><span class=\"screen-reader-text\">22.06. &#8211; 13.07.2024 Ludwig Schaffrath<\/span> weiterlesen <span class=\"meta-nav\">&rarr;<\/span><\/a><\/p>\n","protected":false},"author":1,"featured_media":0,"parent":0,"menu_order":0,"comment_status":"closed","ping_status":"closed","template":"","meta":{"footnotes":""},"class_list":["post-4228","page","type-page","status-publish","hentry"],"_links":{"self":[{"href":"https:\/\/schaffrath-haus.com\/index.php?rest_route=\/wp\/v2\/pages\/4228"}],"collection":[{"href":"https:\/\/schaffrath-haus.com\/index.php?rest_route=\/wp\/v2\/pages"}],"about":[{"href":"https:\/\/schaffrath-haus.com\/index.php?rest_route=\/wp\/v2\/types\/page"}],"author":[{"embeddable":true,"href":"https:\/\/schaffrath-haus.com\/index.php?rest_route=\/wp\/v2\/users\/1"}],"replies":[{"embeddable":true,"href":"https:\/\/schaffrath-haus.com\/index.php?rest_route=%2Fwp%2Fv2%2Fcomments&post=4228"}],"version-history":[{"count":3,"href":"https:\/\/schaffrath-haus.com\/index.php?rest_route=\/wp\/v2\/pages\/4228\/revisions"}],"predecessor-version":[{"id":4234,"href":"https:\/\/schaffrath-haus.com\/index.php?rest_route=\/wp\/v2\/pages\/4228\/revisions\/4234"}],"wp:attachment":[{"href":"https:\/\/schaffrath-haus.com\/index.php?rest_route=%2Fwp%2Fv2%2Fmedia&parent=4228"}],"curies":[{"name":"wp","href":"https:\/\/api.w.org\/{rel}","templated":true}]}}

<p class="has-text-color has-large-font-size" style="color:#047d51"><strong>Ludwig Schaffrath</strong></p>



<p class="has-black-color has-text-color has-large-font-size">&#8222;<strong>Schaffrath Einhundert&#8220; </strong></p>



<p class="has-black-color has-text-color has-large-font-size"><strong>Ausstellung zum 100. Geburtstag von Ludwig Schaffrath</strong></p>



<p class="has-large-font-size"><strong>22. Juni &#8211; 13. Juli 2024</strong></p>



<figure class="wp-block-gallery has-nested-images columns-default is-cropped wp-block-gallery-1 is-layout-flex wp-block-gallery-is-layout-flex">
<figure class="wp-block-image size-large"><a href="https://schaffrath-haus.com/wp-content/uploads/2024/08/Schaffrath-100-Flyer-komp-2024-2.jpg"><img loading="lazy" decoding="async" width="1024" height="515" data-id="4157" src="https://schaffrath-haus.com/wp-content/uploads/2024/08/Schaffrath-100-Flyer-komp-2024-2.jpg" alt="" class="wp-image-4157" srcset="https://schaffrath-haus.com/wp-content/uploads/2024/08/Schaffrath-100-Flyer-komp-2024-2.jpg 1024w, https://schaffrath-haus.com/wp-content/uploads/2024/08/Schaffrath-100-Flyer-komp-2024-2-300x151.jpg 300w, https://schaffrath-haus.com/wp-content/uploads/2024/08/Schaffrath-100-Flyer-komp-2024-2-768x386.jpg 768w" sizes="(max-width: 1024px) 100vw, 1024px" /></a></figure>
</figure>



<p></p>



<p>Das Schaffrathhaus zeigt zum hundertsten Geburtstag seines Namensgebers in seinem Atelier, das weitgehend im Originalzustand erhalten ist, ausgewählte Arbeiten seiner zeitgenössischen abstrakten Kunst in Glas, Stein, sowie auf Papier und Leinwand. Wir freuen uns dieses Event in Kooperation mit den Städteregionalen Kulturtagen durchführen zu können.</p>



<p>Die Veranstaltung beginnt mit einer Vernissage zu Ehren des Künstlers. Der Kunsthistoriker Dr. Dirk Tölke führt in die Ausstellung ein und wird Interessantes und Wissenswertes über den Künstler vermitteln.</p>



<p>Ein Rahmenprogramm mit musikalischer Gestaltung des Duos Schäfer/Proske inklusive kleiner Häppchen und Getränke runden diesen Abend ab. An den beiden darauffolgenden Wochenenden, wird die Ausstellung Samstags von 16:00 &#8211; 18:00 Uhr und Sonntags von 14:00 &#8211; 18:00 Uhr geöffnet sein.</p>



<p>Am 13.07.2024 feiern wir den 100. Geburtstag von Ludwig Schaffrath. Es erwarten Sie bei musikalischer Begleitung von Hejoe Schenkelberg mit seinem Akkordeon, Salate und Gerichte vom Grill und einige Überraschungen.</p>



<h2 class="wp-block-heading">Vernissage/Eröffnung:</h2>



<p><strong>Vernissage: </strong>22. Juni 2024, 18:00 bis 21:00 Uhr</p>



<p><strong>Begrüßung:</strong> Alfred Sonders, Bürgermeister der Stadt Alsdorf</p>



<p><strong>Einführung in das Werk von Schaffrath:</strong> Dirk Tölke, Kunsthistoriker</p>



<p><strong>Musik:</strong> Künstlerduo Gitta Schäfer &amp; Markus Proske</p>



<h2 class="wp-block-heading">Finissage/Feier:</h2>



<p><strong>Finissage/Feier: </strong>13. Juli 2024, 18:00 bis 21:00 Uhr, Ludwig Schaffrath wäre heute 100 Jahre alt geworden.</p>



<p><strong>Einführung in das Leben von Schaffrath:</strong> Dirk Tölke, Kunsthistoriker</p>



<p><strong>Musik:</strong> Hejoe Schenkelberg unterhält die Besucher mit seinem Akkordeon</p>



<p>Wir Grillen und Besucher können Schlüssel von einem ausrangierten Kontoauszüge-Schrank &#8222;kaufen&#8220;, in dem sich kleine Orginal-Schaffrathwerke befinden. Zudem finden weitere, spannende Aktionen statt. Lassen Sie sich überraschen!</p>



<h2 class="wp-block-heading">Kostenlose Führungen durch das Schaffrathhaus:</h2>



<p></p>



<p>Ulla Schaffrath-Busch, Tochter von Ludwig Schaffrath, führt Sie während der Öffnungzeiten der gesamten Ausstellung durch das Schaffrathhaus.</p>



<p><strong>Führungen: </strong>Jeweils um 16:00 Uhr und um 17:00 Uhr, dauer ca. 20 Minuten</p>



<p><strong>Wann</strong>: 23. Juni, 29. Juni, 30. Juni, 6. Juli, 7. Juli 2024</p>

<p>Ludwig Schaffrath &#8222;Schaffrath Einhundert&#8220; Ausstellung zum 100. Geburtstag von Ludwig Schaffrath 22. Juni &#8211; 13. Juli 2024 Das Schaffrathhaus zeigt zum hundertsten Geburtstag seines Namensgebers in seinem Atelier, das weitgehend im Originalzustand erhalten ist, ausgewählte Arbeiten seiner zeitgenössischen abstrakten Kunst in Glas, Stein, sowie auf Papier und Leinwand. Wir freuen uns dieses Event in Kooperation &hellip; <a href="https://schaffrath-haus.com/?page_id=4228" class="more-link"><span class="screen-reader-text">22.06. &#8211; 13.07.2024 Ludwig Schaffrath</span> weiterlesen <span class="meta-nav">&rarr;</span></a></p>
