{"id":4210,"date":"2024-08-31T05:49:52","date_gmt":"2024-08-31T05:49:52","guid":{"rendered":"https:\/\/schaffrath-haus.com\/wp\/?page_id=4210"},"modified":"2024-10-04T07:41:28","modified_gmt":"2024-10-04T07:41:28","slug":"niederlaendische-master-glass","status":"publish","type":"page","link":"https:\/\/schaffrath-haus.com\/?page_id=4210","title":{"rendered":"27.10. &#8211; 10.11.2024 Niederl\u00e4ndische Master-Glass"},"content":{"rendered":"\n<p class=\"has-text-color has-medium-font-size\" style=\"color:#048052\"><strong>Niederl\u00e4ndische K\u00fcnstlergruppe Master-Glass<\/strong><\/p>\n\n\n\n<p class=\"has-black-color has-text-color has-medium-font-size\"><strong>&#8222;Im Licht von Schaffrath&#8220; &#8211; Hommage an einen besonderen Mann<\/strong> <\/p>\n\n\n\n<p class=\"has-black-color has-text-color has-medium-font-size\"><strong>27. Oktober &#8211; 10. November 2024<\/strong><\/p>\n\n\n\n<figure class=\"wp-block-image size-large\"><a href=\"https:\/\/schaffrath-haus.com\/wp-content\/uploads\/2024\/10\/Einladung-Masster-Glass-2-scaled.jpg\"><img loading=\"lazy\" decoding=\"async\" width=\"1024\" height=\"268\" src=\"https:\/\/schaffrath-haus.com\/wp-content\/uploads\/2024\/10\/Einladung-Masster-Glass-2-1024x268.jpg\" alt=\"\" class=\"wp-image-4393\" srcset=\"https:\/\/schaffrath-haus.com\/wp-content\/uploads\/2024\/10\/Einladung-Masster-Glass-2-1024x268.jpg 1024w, https:\/\/schaffrath-haus.com\/wp-content\/uploads\/2024\/10\/Einladung-Masster-Glass-2-300x79.jpg 300w, https:\/\/schaffrath-haus.com\/wp-content\/uploads\/2024\/10\/Einladung-Masster-Glass-2-768x201.jpg 768w, https:\/\/schaffrath-haus.com\/wp-content\/uploads\/2024\/10\/Einladung-Masster-Glass-2-1536x403.jpg 1536w, https:\/\/schaffrath-haus.com\/wp-content\/uploads\/2024\/10\/Einladung-Masster-Glass-2-2048x537.jpg 2048w\" sizes=\"(max-width: 1024px) 100vw, 1024px\" \/><\/a><\/figure>\n\n\n\n<figure class=\"wp-block-image size-large\"><a href=\"https:\/\/schaffrath-haus.com\/wp-content\/uploads\/2024\/10\/Einladung-Masster-Glass-1-scaled.jpg\"><img loading=\"lazy\" decoding=\"async\" width=\"1024\" height=\"267\" src=\"https:\/\/schaffrath-haus.com\/wp-content\/uploads\/2024\/10\/Einladung-Masster-Glass-1-1024x267.jpg\" alt=\"\" class=\"wp-image-4394\" srcset=\"https:\/\/schaffrath-haus.com\/wp-content\/uploads\/2024\/10\/Einladung-Masster-Glass-1-1024x267.jpg 1024w, https:\/\/schaffrath-haus.com\/wp-content\/uploads\/2024\/10\/Einladung-Masster-Glass-1-300x78.jpg 300w, https:\/\/schaffrath-haus.com\/wp-content\/uploads\/2024\/10\/Einladung-Masster-Glass-1-768x200.jpg 768w, https:\/\/schaffrath-haus.com\/wp-content\/uploads\/2024\/10\/Einladung-Masster-Glass-1-1536x401.jpg 1536w, https:\/\/schaffrath-haus.com\/wp-content\/uploads\/2024\/10\/Einladung-Masster-Glass-1-2048x534.jpg 2048w\" sizes=\"(max-width: 1024px) 100vw, 1024px\" \/><\/a><\/figure>\n\n\n\n<p><\/p>\n\n\n\n<p class=\"has-medium-font-size\">\u201cMaster-Glass\u201d ist der Name, unter dem sich eine Gruppe von Bildenden K\u00fcnstlern zusammengef\u00fcgt hat, deren Spezialgebiet haupts\u00e4chlich der zeitgem\u00e4\u00dfen monumentalen Flachglaskunst gilt. Sie ist entstanden aus einer einzigartigen post-akademischen Ausbildung f\u00fcr monumentale \u201cKunst am Bau\u201d, die es in den Niederlanden seit 1969 nicht mehr gibt.<\/p>\n\n\n\n<p class=\"has-medium-font-size\"><strong>Vernissage<\/strong>:<\/p>\n\n\n\n<p class=\"has-medium-font-size\">27. Oktober 2024, 11:30 Uhr, bis 16:00 Uhr ge\u00f6ffnet<\/p>\n\n\n\n<p class=\"has-medium-font-size\"><strong>Begr\u00fc\u00dfung<\/strong>:<\/p>\n\n\n\n<p class=\"has-medium-font-size\">Friedhelm Kr\u00e4mer, stellv. B\u00fcrgermeister der Stadt Alsdorf<\/p>\n\n\n\n<p class=\"has-medium-font-size\">Renate Rinkens, Vorstandsvorsitzende F\u00f6rderverein Schaffrathhaus <\/p>\n\n\n\n<p class=\"has-medium-font-size\"><strong>Einf\u00fchrung<\/strong>: Sibylle Gielen<\/p>\n\n\n\n<p class=\"has-medium-font-size\"><strong>13:00 Uhr: Sascha Reckert<\/strong><\/p>\n\n\n\n<p class=\"has-medium-font-size\">Konzert auf gl\u00e4sernen Instrumenten und anschauliche Einf\u00fchrung in die Geschichte der Glasmusik (ca. 25 Minuten)<\/p>\n\n\n\n<p class=\"has-medium-font-size\"><strong>Weitere \u00d6ffnungszeiten:<\/strong><\/p>\n\n\n\n<p class=\"has-medium-font-size\">Freitag 01. November 2024, 14:00-18:00 Uhr<\/p>\n\n\n\n<p class=\"has-medium-font-size\">Samstag 02. November 2024, 14:00-18:00 Uhr<\/p>\n\n\n\n<p class=\"has-medium-font-size\">Sonntag 03. November 2024, 11:30-16:00 Uhr<\/p>\n\n\n\n<p class=\"has-medium-font-size\">Freitag 08. November 2024,14:00-18:00 Uhr<\/p>\n\n\n\n<p class=\"has-medium-font-size\">Samstag 09. November 2024, 14:00-18:00 Uhr<\/p>\n\n\n\n<p class=\"has-medium-font-size\">Sonntag 10. November 2024, 11:30-16:00 Uhr<\/p>\n\n\n\n<p class=\"has-medium-font-size\"><strong>Es stellen aus:<\/strong><\/p>\n\n\n\n<p class=\"has-medium-font-size\">Evelien de Bruijn, Anja van Aalen, Wim Gielen, Dagmara Gielen\u2013Bernacka, Titia Felderhof, Liesbeth Boon, Astrid Ballijns, Monique Vaes, Susanne Vreeburg, Mieke Manders, Nelie Anderson, Sibylle Gielen<\/p>\n\n\n\n<p>&nbsp;<\/p>\n\n\n\n<figure class=\"wp-block-image size-full is-resized\"><a href=\"https:\/\/schaffrath-haus.com\/wp-content\/uploads\/2024\/08\/master-glass.jpg\"><img loading=\"lazy\" decoding=\"async\" src=\"https:\/\/schaffrath-haus.com\/wp-content\/uploads\/2024\/08\/master-glass.jpg\" alt=\"\" class=\"wp-image-4158\" width=\"432\" height=\"619\" srcset=\"https:\/\/schaffrath-haus.com\/wp-content\/uploads\/2024\/08\/master-glass.jpg 560w, https:\/\/schaffrath-haus.com\/wp-content\/uploads\/2024\/08\/master-glass-209x300.jpg 209w\" sizes=\"(max-width: 432px) 100vw, 432px\" \/><\/a><\/figure>\n","protected":false},"excerpt":{"rendered":"<p>Niederl\u00e4ndische K\u00fcnstlergruppe Master-Glass &#8222;Im Licht von Schaffrath&#8220; &#8211; Hommage an einen besonderen Mann 27. Oktober &#8211; 10. November 2024 \u201cMaster-Glass\u201d ist der Name, unter dem sich eine Gruppe von Bildenden K\u00fcnstlern zusammengef\u00fcgt hat, deren Spezialgebiet haupts\u00e4chlich der zeitgem\u00e4\u00dfen monumentalen Flachglaskunst gilt. Sie ist entstanden aus einer einzigartigen post-akademischen Ausbildung f\u00fcr monumentale \u201cKunst am Bau\u201d, die &hellip; <a href=\"https:\/\/schaffrath-haus.com\/?page_id=4210\" class=\"more-link\"><span class=\"screen-reader-text\">27.10. &#8211; 10.11.2024 Niederl\u00e4ndische Master-Glass<\/span> weiterlesen <span class=\"meta-nav\">&rarr;<\/span><\/a><\/p>\n","protected":false},"author":1,"featured_media":0,"parent":0,"menu_order":0,"comment_status":"closed","ping_status":"closed","template":"","meta":{"footnotes":""},"class_list":["post-4210","page","type-page","status-publish","hentry"],"_links":{"self":[{"href":"https:\/\/schaffrath-haus.com\/index.php?rest_route=\/wp\/v2\/pages\/4210"}],"collection":[{"href":"https:\/\/schaffrath-haus.com\/index.php?rest_route=\/wp\/v2\/pages"}],"about":[{"href":"https:\/\/schaffrath-haus.com\/index.php?rest_route=\/wp\/v2\/types\/page"}],"author":[{"embeddable":true,"href":"https:\/\/schaffrath-haus.com\/index.php?rest_route=\/wp\/v2\/users\/1"}],"replies":[{"embeddable":true,"href":"https:\/\/schaffrath-haus.com\/index.php?rest_route=%2Fwp%2Fv2%2Fcomments&post=4210"}],"version-history":[{"count":21,"href":"https:\/\/schaffrath-haus.com\/index.php?rest_route=\/wp\/v2\/pages\/4210\/revisions"}],"predecessor-version":[{"id":4411,"href":"https:\/\/schaffrath-haus.com\/index.php?rest_route=\/wp\/v2\/pages\/4210\/revisions\/4411"}],"wp:attachment":[{"href":"https:\/\/schaffrath-haus.com\/index.php?rest_route=%2Fwp%2Fv2%2Fmedia&parent=4210"}],"curies":[{"name":"wp","href":"https:\/\/api.w.org\/{rel}","templated":true}]}}

27.10. &#8211; 10.11.2024 Niederländische Master-Glass

<p class="has-text-color has-medium-font-size" style="color:#048052"><strong>Niederländische Künstlergruppe Master-Glass</strong></p>



<p class="has-black-color has-text-color has-medium-font-size"><strong>&#8222;Im Licht von Schaffrath&#8220; &#8211; Hommage an einen besonderen Mann</strong> </p>



<p class="has-black-color has-text-color has-medium-font-size"><strong>27. Oktober &#8211; 10. November 2024</strong></p>



<figure class="wp-block-image size-large"><a href="https://schaffrath-haus.com/wp-content/uploads/2024/10/Einladung-Masster-Glass-2-scaled.jpg"><img loading="lazy" decoding="async" width="1024" height="268" src="https://schaffrath-haus.com/wp-content/uploads/2024/10/Einladung-Masster-Glass-2-1024x268.jpg" alt="" class="wp-image-4393" srcset="https://schaffrath-haus.com/wp-content/uploads/2024/10/Einladung-Masster-Glass-2-1024x268.jpg 1024w, https://schaffrath-haus.com/wp-content/uploads/2024/10/Einladung-Masster-Glass-2-300x79.jpg 300w, https://schaffrath-haus.com/wp-content/uploads/2024/10/Einladung-Masster-Glass-2-768x201.jpg 768w, https://schaffrath-haus.com/wp-content/uploads/2024/10/Einladung-Masster-Glass-2-1536x403.jpg 1536w, https://schaffrath-haus.com/wp-content/uploads/2024/10/Einladung-Masster-Glass-2-2048x537.jpg 2048w" sizes="(max-width: 1024px) 100vw, 1024px" /></a></figure>



<figure class="wp-block-image size-large"><a href="https://schaffrath-haus.com/wp-content/uploads/2024/10/Einladung-Masster-Glass-1-scaled.jpg"><img loading="lazy" decoding="async" width="1024" height="267" src="https://schaffrath-haus.com/wp-content/uploads/2024/10/Einladung-Masster-Glass-1-1024x267.jpg" alt="" class="wp-image-4394" srcset="https://schaffrath-haus.com/wp-content/uploads/2024/10/Einladung-Masster-Glass-1-1024x267.jpg 1024w, https://schaffrath-haus.com/wp-content/uploads/2024/10/Einladung-Masster-Glass-1-300x78.jpg 300w, https://schaffrath-haus.com/wp-content/uploads/2024/10/Einladung-Masster-Glass-1-768x200.jpg 768w, https://schaffrath-haus.com/wp-content/uploads/2024/10/Einladung-Masster-Glass-1-1536x401.jpg 1536w, https://schaffrath-haus.com/wp-content/uploads/2024/10/Einladung-Masster-Glass-1-2048x534.jpg 2048w" sizes="(max-width: 1024px) 100vw, 1024px" /></a></figure>



<p></p>



<p class="has-medium-font-size">“Master-Glass” ist der Name, unter dem sich eine Gruppe von Bildenden Künstlern zusammengefügt hat, deren Spezialgebiet hauptsächlich der zeitgemäßen monumentalen Flachglaskunst gilt. Sie ist entstanden aus einer einzigartigen post-akademischen Ausbildung für monumentale “Kunst am Bau”, die es in den Niederlanden seit 1969 nicht mehr gibt.</p>



<p class="has-medium-font-size"><strong>Vernissage</strong>:</p>



<p class="has-medium-font-size">27. Oktober 2024, 11:30 Uhr, bis 16:00 Uhr geöffnet</p>



<p class="has-medium-font-size"><strong>Begrüßung</strong>:</p>



<p class="has-medium-font-size">Friedhelm Krämer, stellv. Bürgermeister der Stadt Alsdorf</p>



<p class="has-medium-font-size">Renate Rinkens, Vorstandsvorsitzende Förderverein Schaffrathhaus </p>



<p class="has-medium-font-size"><strong>Einführung</strong>: Sibylle Gielen</p>



<p class="has-medium-font-size"><strong>13:00 Uhr: Sascha Reckert</strong></p>



<p class="has-medium-font-size">Konzert auf gläsernen Instrumenten und anschauliche Einführung in die Geschichte der Glasmusik (ca. 25 Minuten)</p>



<p class="has-medium-font-size"><strong>Weitere Öffnungszeiten:</strong></p>



<p class="has-medium-font-size">Freitag 01. November 2024, 14:00-18:00 Uhr</p>



<p class="has-medium-font-size">Samstag 02. November 2024, 14:00-18:00 Uhr</p>



<p class="has-medium-font-size">Sonntag 03. November 2024, 11:30-16:00 Uhr</p>



<p class="has-medium-font-size">Freitag 08. November 2024,14:00-18:00 Uhr</p>



<p class="has-medium-font-size">Samstag 09. November 2024, 14:00-18:00 Uhr</p>



<p class="has-medium-font-size">Sonntag 10. November 2024, 11:30-16:00 Uhr</p>



<p class="has-medium-font-size"><strong>Es stellen aus:</strong></p>



<p class="has-medium-font-size">Evelien de Bruijn, Anja van Aalen, Wim Gielen, Dagmara Gielen–Bernacka, Titia Felderhof, Liesbeth Boon, Astrid Ballijns, Monique Vaes, Susanne Vreeburg, Mieke Manders, Nelie Anderson, Sibylle Gielen</p>



<p>&nbsp;</p>



<figure class="wp-block-image size-full is-resized"><a href="https://schaffrath-haus.com/wp-content/uploads/2024/08/master-glass.jpg"><img loading="lazy" decoding="async" src="https://schaffrath-haus.com/wp-content/uploads/2024/08/master-glass.jpg" alt="" class="wp-image-4158" width="432" height="619" srcset="https://schaffrath-haus.com/wp-content/uploads/2024/08/master-glass.jpg 560w, https://schaffrath-haus.com/wp-content/uploads/2024/08/master-glass-209x300.jpg 209w" sizes="(max-width: 432px) 100vw, 432px" /></a></figure>

<p>Niederländische Künstlergruppe Master-Glass &#8222;Im Licht von Schaffrath&#8220; &#8211; Hommage an einen besonderen Mann 27. Oktober &#8211; 10. November 2024 “Master-Glass” ist der Name, unter dem sich eine Gruppe von Bildenden Künstlern zusammengefügt hat, deren Spezialgebiet hauptsächlich der zeitgemäßen monumentalen Flachglaskunst gilt. Sie ist entstanden aus einer einzigartigen post-akademischen Ausbildung für monumentale “Kunst am Bau”, die &hellip; <a href="https://schaffrath-haus.com/?page_id=4210" class="more-link"><span class="screen-reader-text">27.10. &#8211; 10.11.2024 Niederländische Master-Glass</span> weiterlesen <span class="meta-nav">&rarr;</span></a></p>
