{"id":3147,"date":"2022-06-27T17:40:22","date_gmt":"2022-06-27T17:40:22","guid":{"rendered":"http:\/\/schaffrath-haus.com\/wp\/?page_id=3147"},"modified":"2024-08-31T06:43:46","modified_gmt":"2024-08-31T06:43:46","slug":"2022-fuehrungen-durch-das-schaffrathhaus","status":"publish","type":"page","link":"https:\/\/schaffrath-haus.com\/?page_id=3147","title":{"rendered":"2022 F\u00fchrungen &#8211; Termine"},"content":{"rendered":"<h5><span style=\"color: #008000;\">F\u00fchrungstermine: 2022<br \/>\n<\/span><\/h5>\n<p>Allen Mitgliedern und Interessierten w\u00fcnschen wir ein gute Jahr 2022.<br \/>\nF\u00fchrungen k\u00f6nnen wieder gebucht werden!<\/p>\n<p>Kosten: 5,00 \u20ac pro Person.<br \/>\nDauer ca. 90 Minuten.<br \/>\nAnmeldungen bitte unter 02404\/6767084<br \/>\noder <a href=\"mailto:info@schaffrath-haus.com\">info@schaffrath-haus.com<\/a>.<br \/>\nHinweis: Im ganzen Haus gilt Maskenpflicht!<\/p>\n<p><span style=\"color: #ff0000;\"><strong>W\u00e4hrend der Schulferien gelten ggf. Sonderregelungen! BItte erkundigen Sie sich bei uns.<br \/>\n<\/strong><\/span><\/p>\n<h6><strong><span style=\"color: #339966;\">Januar bis April 2022<\/span><\/strong><\/h6>\n<p>jeden 1. und 3. Freitag im Monat um 17:00 Uhr &amp;&nbsp; jeden 2. und 4. Sonntag um 15:00 Uhr.<\/p>\n<h6><strong><span style=\"color: #339966;\">Juni &amp; Juli 2022<\/span><\/strong><\/h6>\n<p>Freitag 24.06.2022 um 17:00 Uhr<br \/>\nFreitag 01.07.2022 um 17:00 Uhr<br \/>\nFreitag 17.07.2022 um 17:00 Uhr<\/p>\n","protected":false},"excerpt":{"rendered":"<p>F\u00fchrungstermine: 2022 Allen Mitgliedern und Interessierten w\u00fcnschen wir ein gute Jahr 2022. F\u00fchrungen k\u00f6nnen wieder gebucht werden! Kosten: 5,00 \u20ac pro Person. Dauer ca. 90 Minuten. Anmeldungen bitte unter 02404\/6767084 oder info@schaffrath-haus.com. Hinweis: Im ganzen Haus gilt Maskenpflicht! W\u00e4hrend der Schulferien gelten ggf. Sonderregelungen! BItte erkundigen Sie sich bei uns. Januar bis April 2022 jeden &hellip; <a href=\"https:\/\/schaffrath-haus.com\/?page_id=3147\" class=\"more-link\"><span class=\"screen-reader-text\">2022 F\u00fchrungen &#8211; Termine<\/span> weiterlesen <span class=\"meta-nav\">&rarr;<\/span><\/a><\/p>\n","protected":false},"author":1,"featured_media":0,"parent":2681,"menu_order":5,"comment_status":"closed","ping_status":"closed","template":"","meta":{"footnotes":""},"class_list":["post-3147","page","type-page","status-publish","hentry"],"_links":{"self":[{"href":"https:\/\/schaffrath-haus.com\/index.php?rest_route=\/wp\/v2\/pages\/3147"}],"collection":[{"href":"https:\/\/schaffrath-haus.com\/index.php?rest_route=\/wp\/v2\/pages"}],"about":[{"href":"https:\/\/schaffrath-haus.com\/index.php?rest_route=\/wp\/v2\/types\/page"}],"author":[{"embeddable":true,"href":"https:\/\/schaffrath-haus.com\/index.php?rest_route=\/wp\/v2\/users\/1"}],"replies":[{"embeddable":true,"href":"https:\/\/schaffrath-haus.com\/index.php?rest_route=%2Fwp%2Fv2%2Fcomments&post=3147"}],"version-history":[{"count":6,"href":"https:\/\/schaffrath-haus.com\/index.php?rest_route=\/wp\/v2\/pages\/3147\/revisions"}],"predecessor-version":[{"id":4238,"href":"https:\/\/schaffrath-haus.com\/index.php?rest_route=\/wp\/v2\/pages\/3147\/revisions\/4238"}],"up":[{"embeddable":true,"href":"https:\/\/schaffrath-haus.com\/index.php?rest_route=\/wp\/v2\/pages\/2681"}],"wp:attachment":[{"href":"https:\/\/schaffrath-haus.com\/index.php?rest_route=%2Fwp%2Fv2%2Fmedia&parent=3147"}],"curies":[{"name":"wp","href":"https:\/\/api.w.org\/{rel}","templated":true}]}}