{"id":3120,"date":"2022-06-27T15:54:32","date_gmt":"2022-06-27T15:54:32","guid":{"rendered":"http:\/\/schaffrath-haus.com\/wp\/?page_id=3120"},"modified":"2024-11-15T21:00:54","modified_gmt":"2024-11-15T21:00:54","slug":"ausstellungen-2022","status":"publish","type":"page","link":"https:\/\/schaffrath-haus.com\/?page_id=3120","title":{"rendered":"2022 Ausstellungen"},"content":{"rendered":"\n<hr class=\"wp-block-separator has-alpha-channel-opacity is-style-wide\"\/>\n\n\n<h3>&nbsp;23. Oktober 2022 bis 06. November 2022<\/h3>\n<h5><span style=\"color: #000000;\">&#8211; Ereignisse auf der Leinwand &#8211; Figurativ. Abstrakt. &#8211;<br \/>\n<\/span><\/h5>\n<h4><span style=\"color: #008000;\">Viktor Stricker<\/span><\/h4>\n<p><strong>Das Kunstwerk des Malers Viktor Stricker vereint seit mehr als vierzig Jahren auf organische Weise die figurativen und abstrakten Richtungen der Malerei.<\/strong><br \/>\n<strong>Die ausgestellte figurative Reihe der Malereiarbeiten ist \u00fcberwiegend in den letzten zwei Jahren entstanden. Die Faszination dieser Arbeiten liegt in der Reflektion der \u201eEreignisse\u201c der Kunstgeschichte, der Verg\u00e4nglichkeit der Zeit und in gegenw\u00e4rtigen Beobachtungen des K\u00fcnstlers.<\/strong><br \/>\n<strong>Er verdeutlicht das, indem er einen Ausschnitt einer Arbeit eines ber\u00fchmten K\u00fcnstlers der Vergangenheit einem Fragment der Gegenwart gegen\u00fcberstellt und so eine Verbindung zwischen beiden schafft, um den Fluss der Zeit darzustellen. Das ist es, was der K\u00fcnstler als \u201eEreignisse\u201c auf der Leinwand bezeichnet.<\/strong><br \/>\n<strong>Auch die Vielfalt menschlicher Individuen ist ein Thema seiner figurativen Arbeiten. Inspirationen f\u00fcr abstrakte Arbeiten sch\u00f6pft der K\u00fcnstler \u00fcberwiegend<\/strong><br \/>\n<strong>aus immer wieder faszinierenden, landschaftlichen \u201eEreignissen\u201c der Natur. Seine kleinen und gr\u00f6\u00dferen abstrakten Kompositionen, mit oft erkennbarem Ursprung der Motive, sind unverwechselbar und von feinem Farbempfinden und Kolorit gepr\u00e4gt.<\/strong><br \/>\n<strong>Der K\u00fcnstler arbeitet in \u00d6l und Acryl auf Leinwand und in Gouache auf Papier.<\/strong><\/p>\n<p><strong>Flyer zur Ausstellung:<\/strong><\/p>\n<p><a href=\"https:\/\/schaffrath-haus.com\/wp-content\/uploads\/2022\/09\/Viktor-Stricker-05.jpg\"><img loading=\"lazy\" decoding=\"async\" class=\"aligncenter wp-image-3288\" src=\"https:\/\/schaffrath-haus.com\/wp-content\/uploads\/2022\/09\/Viktor-Stricker-05-300x78.jpg\" alt=\"\" width=\"515\" height=\"134\" srcset=\"https:\/\/schaffrath-haus.com\/wp-content\/uploads\/2022\/09\/Viktor-Stricker-05-300x78.jpg 300w, https:\/\/schaffrath-haus.com\/wp-content\/uploads\/2022\/09\/Viktor-Stricker-05-768x200.jpg 768w, https:\/\/schaffrath-haus.com\/wp-content\/uploads\/2022\/09\/Viktor-Stricker-05-1024x267.jpg 1024w\" sizes=\"(max-width: 515px) 100vw, 515px\" \/><\/a><\/p>\n<p><a href=\"https:\/\/schaffrath-haus.com\/wp-content\/uploads\/2022\/09\/Viktor-Stricker-04.jpg\"><img loading=\"lazy\" decoding=\"async\" class=\"aligncenter wp-image-3287\" src=\"https:\/\/schaffrath-haus.com\/wp-content\/uploads\/2022\/09\/Viktor-Stricker-04-300x78.jpg\" alt=\"\" width=\"546\" height=\"142\" srcset=\"https:\/\/schaffrath-haus.com\/wp-content\/uploads\/2022\/09\/Viktor-Stricker-04-300x78.jpg 300w, https:\/\/schaffrath-haus.com\/wp-content\/uploads\/2022\/09\/Viktor-Stricker-04-768x200.jpg 768w, https:\/\/schaffrath-haus.com\/wp-content\/uploads\/2022\/09\/Viktor-Stricker-04-1024x267.jpg 1024w\" sizes=\"(max-width: 546px) 100vw, 546px\" \/><\/a><\/p>\n<h3><\/h3>\n<hr>\n<h3><strong>31. Juli 2022 bis 14. August 2022<br \/>\n<\/strong><\/h3>\n<h5><strong>&#8211; LEINW\u00c4NDE VON NATUR BEST\u00c4UBT &#8211;<\/strong><\/h5>\n<h4><span style=\"color: #008000;\"><strong>Rainer Bauer<\/strong><\/span><\/h4>\n<h6>Rainer Bauer,&nbsp; geb. 1962 in Unna, 1982-1989 Studium der Malerei an der Kunstakademie M\u00fcnster bei Prof. Kuhna, 1987 Meistersch\u00fcler, 1985 und 1995 Kunstpreis der Kulturstiftung Sparkasse Unna, 1999 Stipendium Stiftung K\u00fcnstlerdorf Sch\u00f6ppingen, Ausstellungen im In- und Ausland, seit 2001 in Aachen, Kunsterzieher am St. Michael Gymnasium Monschau seit 2001.<\/h6>\n<p><strong>Flyer zur Ausstellung:<\/strong><\/p>\n<p><a href=\"https:\/\/schaffrath-haus.com\/wp-content\/uploads\/2022\/06\/Einladung-Rainer-Bauer-innen.jpg\"><img loading=\"lazy\" decoding=\"async\" class=\"aligncenter wp-image-3179\" src=\"https:\/\/schaffrath-haus.com\/wp-content\/uploads\/2022\/06\/Einladung-Rainer-Bauer-innen-300x78.jpg\" alt=\"\" width=\"543\" height=\"141\" srcset=\"https:\/\/schaffrath-haus.com\/wp-content\/uploads\/2022\/06\/Einladung-Rainer-Bauer-innen-300x78.jpg 300w, https:\/\/schaffrath-haus.com\/wp-content\/uploads\/2022\/06\/Einladung-Rainer-Bauer-innen-768x200.jpg 768w, https:\/\/schaffrath-haus.com\/wp-content\/uploads\/2022\/06\/Einladung-Rainer-Bauer-innen-1024x267.jpg 1024w\" sizes=\"(max-width: 543px) 100vw, 543px\" \/><\/a> <a href=\"https:\/\/schaffrath-haus.com\/wp-content\/uploads\/2022\/06\/Einladung-Rainer-Bauer-aussen.jpg\"><img loading=\"lazy\" decoding=\"async\" class=\"aligncenter wp-image-3178\" src=\"https:\/\/schaffrath-haus.com\/wp-content\/uploads\/2022\/06\/Einladung-Rainer-Bauer-aussen-300x78.jpg\" alt=\"\" width=\"504\" height=\"131\" srcset=\"https:\/\/schaffrath-haus.com\/wp-content\/uploads\/2022\/06\/Einladung-Rainer-Bauer-aussen-300x78.jpg 300w, https:\/\/schaffrath-haus.com\/wp-content\/uploads\/2022\/06\/Einladung-Rainer-Bauer-aussen-768x200.jpg 768w, https:\/\/schaffrath-haus.com\/wp-content\/uploads\/2022\/06\/Einladung-Rainer-Bauer-aussen-1024x267.jpg 1024w\" sizes=\"(max-width: 504px) 100vw, 504px\" \/><\/a><\/p>\n<h3><\/h3>\n<hr>\n<h3><strong>22. Mai bis&nbsp; 05. Juni 2022<\/strong><\/h3>\n<h5><span style=\"color: #008000;\"><span style=\"color: #000000;\">&#8211;&nbsp; ART &#8211; TRAUM &#8211; BILD &#8211; RAUM &#8211;<\/span><br \/>\n<\/span><\/h5>\n<h4><span style=\"color: #008000;\"><strong>Henriette Echghi-Ghamsari<br \/>\n<\/strong><\/span><\/h4>\n<div>\n<h6>Henriette Echghi-Ghamsari, geboren 1950, erhielt ihre k\u00fcnstlerische Ausbildung in Deutschland und im Iran. Die K\u00fcnstlerin arbeitet in den Bereichen, Malerei, Installation &amp; Plastiken\/ Skulptur. Echghi-Ghamsaris Arbeiten sind frei von jeder Stil- Unterwerfung und aus der Inspiration heraus entwickelt, vielleicht kann man bei einem Teil ihrer Arbeiten auch die Bezeichnung \u201eExpressionistischer Surrealismus\u201c&nbsp; verwenden.<\/h6>\n<\/div>\n<p><strong>Flyer zur Ausstellung:<\/strong><a href=\"https:\/\/schaffrath-haus.com\/wp-content\/uploads\/2022\/06\/Einladung-Echghi-Ghamsari.jpg\"><img loading=\"lazy\" decoding=\"async\" class=\"aligncenter wp-image-3126\" src=\"https:\/\/schaffrath-haus.com\/wp-content\/uploads\/2022\/06\/Einladung-Echghi-Ghamsari-300x156.jpg\" alt=\"\" width=\"604\" height=\"314\" srcset=\"https:\/\/schaffrath-haus.com\/wp-content\/uploads\/2022\/06\/Einladung-Echghi-Ghamsari-300x156.jpg 300w, https:\/\/schaffrath-haus.com\/wp-content\/uploads\/2022\/06\/Einladung-Echghi-Ghamsari-768x400.jpg 768w, https:\/\/schaffrath-haus.com\/wp-content\/uploads\/2022\/06\/Einladung-Echghi-Ghamsari-1024x534.jpg 1024w\" sizes=\"(max-width: 604px) 100vw, 604px\" \/> <\/a><\/p>","protected":false},"excerpt":{"rendered":"<p>&nbsp;23. Oktober 2022 bis 06. November 2022 &#8211; Ereignisse auf der Leinwand &#8211; Figurativ. Abstrakt. &#8211; Viktor Stricker Das Kunstwerk des Malers Viktor Stricker vereint seit mehr als vierzig Jahren auf organische Weise die figurativen und abstrakten Richtungen der Malerei. Die ausgestellte figurative Reihe der Malereiarbeiten ist \u00fcberwiegend in den letzten zwei Jahren entstanden. Die &hellip; <a href=\"https:\/\/schaffrath-haus.com\/?page_id=3120\" class=\"more-link\"><span class=\"screen-reader-text\">2022 Ausstellungen<\/span> weiterlesen <span class=\"meta-nav\">&rarr;<\/span><\/a><\/p>\n","protected":false},"author":1,"featured_media":0,"parent":2677,"menu_order":4,"comment_status":"closed","ping_status":"closed","template":"","meta":{"footnotes":""},"class_list":["post-3120","page","type-page","status-publish","hentry"],"_links":{"self":[{"href":"https:\/\/schaffrath-haus.com\/index.php?rest_route=\/wp\/v2\/pages\/3120"}],"collection":[{"href":"https:\/\/schaffrath-haus.com\/index.php?rest_route=\/wp\/v2\/pages"}],"about":[{"href":"https:\/\/schaffrath-haus.com\/index.php?rest_route=\/wp\/v2\/types\/page"}],"author":[{"embeddable":true,"href":"https:\/\/schaffrath-haus.com\/index.php?rest_route=\/wp\/v2\/users\/1"}],"replies":[{"embeddable":true,"href":"https:\/\/schaffrath-haus.com\/index.php?rest_route=%2Fwp%2Fv2%2Fcomments&post=3120"}],"version-history":[{"count":18,"href":"https:\/\/schaffrath-haus.com\/index.php?rest_route=\/wp\/v2\/pages\/3120\/revisions"}],"predecessor-version":[{"id":4562,"href":"https:\/\/schaffrath-haus.com\/index.php?rest_route=\/wp\/v2\/pages\/3120\/revisions\/4562"}],"up":[{"embeddable":true,"href":"https:\/\/schaffrath-haus.com\/index.php?rest_route=\/wp\/v2\/pages\/2677"}],"wp:attachment":[{"href":"https:\/\/schaffrath-haus.com\/index.php?rest_route=%2Fwp%2Fv2%2Fmedia&parent=3120"}],"curies":[{"name":"wp","href":"https:\/\/api.w.org\/{rel}","templated":true}]}}