{"id":100,"date":"2014-04-09T10:15:11","date_gmt":"2014-04-09T10:15:11","guid":{"rendered":"http:\/\/schaffrath-haus.com\/wp\/?page_id=100"},"modified":"2024-08-31T08:08:30","modified_gmt":"2024-08-31T08:08:30","slug":"fuehrungen","status":"publish","type":"page","link":"https:\/\/schaffrath-haus.com\/?page_id=100","title":{"rendered":"2019 F\u00fchrungen &#8211; Termine"},"content":{"rendered":"<h3>Die n\u00e4chsten \u00f6ffentlichen F\u00fchrungen 2019:<\/h3>\n<p><strong>Sonntags um 15.00 Uhr<\/strong> &#8211; <strong>Freitags um 17.00 Uhr<\/strong><\/p>\n<p>Februar:&nbsp;&nbsp;&nbsp;&nbsp;&nbsp;&nbsp;&nbsp;&nbsp; Fr. 15.2.&nbsp; &nbsp;&nbsp;&nbsp; &nbsp; So. 24.2.<\/p>\n<p>M\u00e4rz:&nbsp;&nbsp;&nbsp;&nbsp;&nbsp;&nbsp;&nbsp;&nbsp;&nbsp;&nbsp;&nbsp;&nbsp;&nbsp;&nbsp; Fr.&nbsp; &nbsp; 1.3. &nbsp; &nbsp; &nbsp; &nbsp;So. 10.3. &nbsp;&nbsp; Fr. &nbsp;15.3. &nbsp;&nbsp; So. 24.3.<\/p>\n<p>April:&nbsp;&nbsp;&nbsp;&nbsp;&nbsp;&nbsp;&nbsp;&nbsp;&nbsp;&nbsp;&nbsp;&nbsp;&nbsp;&nbsp;&nbsp; Fr. 5.4. &nbsp; &nbsp; &nbsp; &nbsp; &nbsp;So. 14.4.<\/p>\n<p>Mai:&nbsp;&nbsp;&nbsp;&nbsp;&nbsp;&nbsp;&nbsp;&nbsp;&nbsp;&nbsp;&nbsp;&nbsp;&nbsp;&nbsp;&nbsp;&nbsp;&nbsp; So. 12.5. &nbsp;&nbsp;&nbsp;&nbsp; Fr. 17.5. &nbsp; &nbsp; &nbsp;So. 26.5.<\/p>\n<p>Juni:&nbsp;&nbsp;&nbsp;&nbsp;&nbsp;&nbsp;&nbsp;&nbsp;&nbsp;&nbsp;&nbsp;&nbsp;&nbsp;&nbsp;&nbsp;&nbsp; Fr.&nbsp; 7.6.&nbsp; &nbsp; &nbsp;&nbsp; &nbsp; Fr. 21.6. &nbsp; &nbsp;&nbsp; So. 23.6.<\/p>\n<p>Juli:&nbsp;&nbsp;&nbsp;&nbsp;&nbsp;&nbsp;&nbsp;&nbsp;&nbsp;&nbsp;&nbsp;&nbsp;&nbsp;&nbsp;&nbsp;&nbsp;&nbsp; Fr. 5.7. &nbsp; &nbsp; &nbsp; &nbsp;&nbsp; So.&nbsp; 13.7.<\/p>\n<p>September: Fr. 6.9. &nbsp; &nbsp; &nbsp; &nbsp;&nbsp;So. 8.9.&nbsp; &nbsp; &nbsp; &nbsp;&nbsp; Fr. 20.9.<\/p>\n<p>So. 22.9.&nbsp;&nbsp;&nbsp; (Anmeldung f\u00fcr diese F\u00fchrung auch \u00fcber das Kath. Forum Viersen)<\/p>\n<p>Oktober:&nbsp;&nbsp;&nbsp;&nbsp;&nbsp; Fr. 4.10.&nbsp; &nbsp; &nbsp; So. 27.10.<\/p>\n<p>November: So. 10.11 &nbsp; Fr. 15.11.&nbsp;&nbsp; So. 24.11.<\/p>\n<p>Dezember: Fr. 6.12.&nbsp;&nbsp;&nbsp;&nbsp;&nbsp; So. 8.12<\/p>\n<h6>Dauer jeweils ca. 90 Minuten<\/h6>\n<h6>Preis der F\u00fchrung: 5,00 Euro<\/h6>\n<h6>Wir freuen uns \u00fcber Ihren Besuch.<br \/>\nAnmeldung erforderlich, auch kurzfristig m\u00f6glich.<\/h6>\n<h6>bei Ursula Schaffrath-Busch: 02162 \/ 30826<\/h6>\n<h6>oder: 02404\/ 6767 084<\/h6>\n<h6>oder: info@schaffrath-haus.com<\/h6>\n<h6>Sie k\u00f6nnen auch andere F\u00fchrungstermine, zum Beispiel f\u00fcr kleine Gruppen bei uns anfragen!<\/h6>\n","protected":false},"excerpt":{"rendered":"<p>Die n\u00e4chsten \u00f6ffentlichen F\u00fchrungen 2019: Sonntags um 15.00 Uhr &#8211; Freitags um 17.00 Uhr Februar:&nbsp;&nbsp;&nbsp;&nbsp;&nbsp;&nbsp;&nbsp;&nbsp; Fr. 15.2.&nbsp; &nbsp;&nbsp;&nbsp; &nbsp; So. 24.2. M\u00e4rz:&nbsp;&nbsp;&nbsp;&nbsp;&nbsp;&nbsp;&nbsp;&nbsp;&nbsp;&nbsp;&nbsp;&nbsp;&nbsp;&nbsp; Fr.&nbsp; &nbsp; 1.3. &nbsp; &nbsp; &nbsp; &nbsp;So. 10.3. &nbsp;&nbsp; Fr. &nbsp;15.3. &nbsp;&nbsp; So. 24.3. April:&nbsp;&nbsp;&nbsp;&nbsp;&nbsp;&nbsp;&nbsp;&nbsp;&nbsp;&nbsp;&nbsp;&nbsp;&nbsp;&nbsp;&nbsp; Fr. 5.4. &nbsp; &nbsp; &nbsp; &nbsp; &nbsp;So. 14.4. Mai:&nbsp;&nbsp;&nbsp;&nbsp;&nbsp;&nbsp;&nbsp;&nbsp;&nbsp;&nbsp;&nbsp;&nbsp;&nbsp;&nbsp;&nbsp;&nbsp;&nbsp; So. 12.5. &nbsp;&nbsp;&nbsp;&nbsp; Fr. 17.5. &nbsp; &nbsp; &nbsp;So. 26.5. &hellip; <a href=\"https:\/\/schaffrath-haus.com\/?page_id=100\" class=\"more-link\"><span class=\"screen-reader-text\">2019 F\u00fchrungen &#8211; Termine<\/span> weiterlesen <span class=\"meta-nav\">&rarr;<\/span><\/a><\/p>\n","protected":false},"author":1,"featured_media":0,"parent":2681,"menu_order":2,"comment_status":"closed","ping_status":"closed","template":"","meta":{"footnotes":""},"class_list":["post-100","page","type-page","status-publish","hentry"],"_links":{"self":[{"href":"https:\/\/schaffrath-haus.com\/index.php?rest_route=\/wp\/v2\/pages\/100"}],"collection":[{"href":"https:\/\/schaffrath-haus.com\/index.php?rest_route=\/wp\/v2\/pages"}],"about":[{"href":"https:\/\/schaffrath-haus.com\/index.php?rest_route=\/wp\/v2\/types\/page"}],"author":[{"embeddable":true,"href":"https:\/\/schaffrath-haus.com\/index.php?rest_route=\/wp\/v2\/users\/1"}],"replies":[{"embeddable":true,"href":"https:\/\/schaffrath-haus.com\/index.php?rest_route=%2Fwp%2Fv2%2Fcomments&post=100"}],"version-history":[{"count":43,"href":"https:\/\/schaffrath-haus.com\/index.php?rest_route=\/wp\/v2\/pages\/100\/revisions"}],"predecessor-version":[{"id":4236,"href":"https:\/\/schaffrath-haus.com\/index.php?rest_route=\/wp\/v2\/pages\/100\/revisions\/4236"}],"up":[{"embeddable":true,"href":"https:\/\/schaffrath-haus.com\/index.php?rest_route=\/wp\/v2\/pages\/2681"}],"wp:attachment":[{"href":"https:\/\/schaffrath-haus.com\/index.php?rest_route=%2Fwp%2Fv2%2Fmedia&parent=100"}],"curies":[{"name":"wp","href":"https:\/\/api.w.org\/{rel}","templated":true}]}}

2019 Führungen &#8211; Termine

<h3>Die nächsten öffentlichen Führungen 2019:</h3>
<p><strong>Sonntags um 15.00 Uhr</strong> &#8211; <strong>Freitags um 17.00 Uhr</strong></p>
<p>Februar:&nbsp;&nbsp;&nbsp;&nbsp;&nbsp;&nbsp;&nbsp;&nbsp; Fr. 15.2.&nbsp; &nbsp;&nbsp;&nbsp; &nbsp; So. 24.2.</p>
<p>März:&nbsp;&nbsp;&nbsp;&nbsp;&nbsp;&nbsp;&nbsp;&nbsp;&nbsp;&nbsp;&nbsp;&nbsp;&nbsp;&nbsp; Fr.&nbsp; &nbsp; 1.3. &nbsp; &nbsp; &nbsp; &nbsp;So. 10.3. &nbsp;&nbsp; Fr. &nbsp;15.3. &nbsp;&nbsp; So. 24.3.</p>
<p>April:&nbsp;&nbsp;&nbsp;&nbsp;&nbsp;&nbsp;&nbsp;&nbsp;&nbsp;&nbsp;&nbsp;&nbsp;&nbsp;&nbsp;&nbsp; Fr. 5.4. &nbsp; &nbsp; &nbsp; &nbsp; &nbsp;So. 14.4.</p>
<p>Mai:&nbsp;&nbsp;&nbsp;&nbsp;&nbsp;&nbsp;&nbsp;&nbsp;&nbsp;&nbsp;&nbsp;&nbsp;&nbsp;&nbsp;&nbsp;&nbsp;&nbsp; So. 12.5. &nbsp;&nbsp;&nbsp;&nbsp; Fr. 17.5. &nbsp; &nbsp; &nbsp;So. 26.5.</p>
<p>Juni:&nbsp;&nbsp;&nbsp;&nbsp;&nbsp;&nbsp;&nbsp;&nbsp;&nbsp;&nbsp;&nbsp;&nbsp;&nbsp;&nbsp;&nbsp;&nbsp; Fr.&nbsp; 7.6.&nbsp; &nbsp; &nbsp;&nbsp; &nbsp; Fr. 21.6. &nbsp; &nbsp;&nbsp; So. 23.6.</p>
<p>Juli:&nbsp;&nbsp;&nbsp;&nbsp;&nbsp;&nbsp;&nbsp;&nbsp;&nbsp;&nbsp;&nbsp;&nbsp;&nbsp;&nbsp;&nbsp;&nbsp;&nbsp; Fr. 5.7. &nbsp; &nbsp; &nbsp; &nbsp;&nbsp; So.&nbsp; 13.7.</p>
<p>September: Fr. 6.9. &nbsp; &nbsp; &nbsp; &nbsp;&nbsp;So. 8.9.&nbsp; &nbsp; &nbsp; &nbsp;&nbsp; Fr. 20.9.</p>
<p>So. 22.9.&nbsp;&nbsp;&nbsp; (Anmeldung für diese Führung auch über das Kath. Forum Viersen)</p>
<p>Oktober:&nbsp;&nbsp;&nbsp;&nbsp;&nbsp; Fr. 4.10.&nbsp; &nbsp; &nbsp; So. 27.10.</p>
<p>November: So. 10.11 &nbsp; Fr. 15.11.&nbsp;&nbsp; So. 24.11.</p>
<p>Dezember: Fr. 6.12.&nbsp;&nbsp;&nbsp;&nbsp;&nbsp; So. 8.12</p>
<h6>Dauer jeweils ca. 90 Minuten</h6>
<h6>Preis der Führung: 5,00 Euro</h6>
<h6>Wir freuen uns über Ihren Besuch.<br />
Anmeldung erforderlich, auch kurzfristig möglich.</h6>
<h6>bei Ursula Schaffrath-Busch: 02162 / 30826</h6>
<h6>oder: 02404/ 6767 084</h6>
<h6>oder: info@schaffrath-haus.com</h6>
<h6>Sie können auch andere Führungstermine, zum Beispiel für kleine Gruppen bei uns anfragen!</h6>

<p>Die nächsten öffentlichen Führungen 2019: Sonntags um 15.00 Uhr &#8211; Freitags um 17.00 Uhr Februar:&nbsp;&nbsp;&nbsp;&nbsp;&nbsp;&nbsp;&nbsp;&nbsp; Fr. 15.2.&nbsp; &nbsp;&nbsp;&nbsp; &nbsp; So. 24.2. März:&nbsp;&nbsp;&nbsp;&nbsp;&nbsp;&nbsp;&nbsp;&nbsp;&nbsp;&nbsp;&nbsp;&nbsp;&nbsp;&nbsp; Fr.&nbsp; &nbsp; 1.3. &nbsp; &nbsp; &nbsp; &nbsp;So. 10.3. &nbsp;&nbsp; Fr. &nbsp;15.3. &nbsp;&nbsp; So. 24.3. April:&nbsp;&nbsp;&nbsp;&nbsp;&nbsp;&nbsp;&nbsp;&nbsp;&nbsp;&nbsp;&nbsp;&nbsp;&nbsp;&nbsp;&nbsp; Fr. 5.4. &nbsp; &nbsp; &nbsp; &nbsp; &nbsp;So. 14.4. Mai:&nbsp;&nbsp;&nbsp;&nbsp;&nbsp;&nbsp;&nbsp;&nbsp;&nbsp;&nbsp;&nbsp;&nbsp;&nbsp;&nbsp;&nbsp;&nbsp;&nbsp; So. 12.5. &nbsp;&nbsp;&nbsp;&nbsp; Fr. 17.5. &nbsp; &nbsp; &nbsp;So. 26.5. &hellip; <a href="https://schaffrath-haus.com/?page_id=100" class="more-link"><span class="screen-reader-text">2019 Führungen &#8211; Termine</span> weiterlesen <span class="meta-nav">&rarr;</span></a></p>
